{"id":5080,"date":"2024-04-17T14:42:48","date_gmt":"2024-04-17T17:42:48","guid":{"rendered":"https:\/\/grafatorio.com\/site\/?post_type=product&#038;p=5080"},"modified":"2025-02-27T19:21:11","modified_gmt":"2025-02-27T22:21:11","slug":"oficina-de-encadernacao-abr24","status":"publish","type":"product","link":"https:\/\/grafatorio.com\/site\/produto\/oficina-de-encadernacao-abr24\/","title":{"rendered":"Oficina de Encaderna\u00e7\u00e3o \u2013 iniciante"},"content":{"rendered":"","protected":false},"excerpt":{"rendered":"<h5><strong>(R$30 materiais + R$30 inscri\u00e7\u00e3o)<\/strong><\/h5>\n<h4>Descri\u00e7\u00e3o<\/h4>\n<p>A oficina abordar\u00e1 princ\u00edpios e t\u00e9cnicas b\u00e1sicas para a produ\u00e7\u00e3o de cadernos artesanais. Ser\u00e3o apresentados materiais, ferramentas e seu manuseio, e as diversas possibilidades para encaderna\u00e7\u00e3o. Na parte pr\u00e1tica, cada participante confeccionar\u00e1 tr\u00eas cadernos, aprendendo a costura simples ou borboleta, a costura correntinha e a costura oriental.<\/p>\n<div class=\"woocommerce-product-details__short-description\">\n<h4>Ministrante<\/h4>\n<p><a href=\"https:\/\/www.instagram.com\/levemeleve\" target=\"_blank\" rel=\"noopener\">Let\u00edcia Albanez<\/a> \u00e9 artes\u00e3 e artista visual. Formada em Artes Visuais pela Universidade Estadual de Londrina em 2010, com p\u00f3s-gradua\u00e7\u00e3o em Fotografia. Em 2012 criou a <a href=\"https:\/\/www.levemeleve.com\" target=\"_blank\" rel=\"noopener\">Levemeleve<\/a>, marca pr\u00f3pria e ateli\u00ea de produ\u00e7\u00e3o artesanal, onde trabalha com encaderna\u00e7\u00e3o manual e a cria\u00e7\u00e3o de acess\u00f3rios em couro. Ministra oficinas de encaderna\u00e7\u00e3o desde 2015.<\/p>\n<h4>Data e hor\u00e1rio<\/h4>\n<p>Dia <strong>27 de abril<\/strong> (s\u00e1bado), das 9h \u00e0s 16h (com 1h de intervalo para almo\u00e7o).<br \/>\n<em>As inscri\u00e7\u00f5es para essa atividade se encerram no dia 25 de abril \u00e0s 18h00.<\/em><\/p>\n<h4>Local<\/h4>\n<p>Grafat\u00f3rio \u2013 rua Mossor\u00f3, 483, Londrina-PR<\/p>\n<h4>Vagas sociais<\/h4>\n<\/div>\n<p><em>Tem interesse na oficina mas n\u00e3o tem condi\u00e7\u00f5es de pagar?<\/em>\u00a0<a href=\"https:\/\/docs.google.com\/forms\/d\/e\/1FAIpQLSdcG6PtlUJGsiWjpTrDT-oMIaIl0NKULzkDBvFEebBCXY57hQ\/viewform?usp=sf_link\" target=\"_blank\" rel=\"noopener\">Acesse aqui o formul\u00e1rio para se candidatar\u00a0a uma <strong>vaga social<\/strong>!<\/a> Ser\u00e1 ofertada 1 bolsa integral.<\/p>\n<p><button><a href=\"https:\/\/docs.google.com\/forms\/d\/e\/1FAIpQLSecIibf7ldZIapWjC1CB21XsnzcTodYa7i4RClT7ZWahw3PsQ\/viewform?usp=sf_link\" target=\"_blank\" rel=\"noopener\">Lista de espera<\/a><\/button><\/p>\n","protected":false},"featured_media":5086,"template":"","meta":[],"product_brand":[],"product_cat":[22],"product_tag":[],"class_list":{"0":"post-5080","1":"product","2":"type-product","3":"status-publish","4":"has-post-thumbnail","6":"product_cat-atividades","8":"first","9":"outofstock","10":"virtual","11":"sold-individually","12":"purchasable","13":"product-type-simple"},"_links":{"self":[{"href":"https:\/\/grafatorio.com\/site\/wp-json\/wp\/v2\/product\/5080","targetHints":{"allow":["GET"]}}],"collection":[{"href":"https:\/\/grafatorio.com\/site\/wp-json\/wp\/v2\/product"}],"about":[{"href":"https:\/\/grafatorio.com\/site\/wp-json\/wp\/v2\/types\/product"}],"wp:featuredmedia":[{"embeddable":true,"href":"https:\/\/grafatorio.com\/site\/wp-json\/wp\/v2\/media\/5086"}],"wp:attachment":[{"href":"https:\/\/grafatorio.com\/site\/wp-json\/wp\/v2\/media?parent=5080"}],"wp:term":[{"taxonomy":"product_brand","embeddable":true,"href":"https:\/\/grafatorio.com\/site\/wp-json\/wp\/v2\/product_brand?post=5080"},{"taxonomy":"product_cat","embeddable":true,"href":"https:\/\/grafatorio.com\/site\/wp-json\/wp\/v2\/product_cat?post=5080"},{"taxonomy":"product_tag","embeddable":true,"href":"https:\/\/grafatorio.com\/site\/wp-json\/wp\/v2\/product_tag?post=5080"}],"curies":[{"name":"wp","href":"https:\/\/api.w.org\/{rel}","templated":true}]}}

Oficina de Encadernação – iniciante

<h5><strong>(R$30 materiais + R$30 inscrição)</strong></h5>
<h4>Descrição</h4>
<p>A oficina abordará princípios e técnicas básicas para a produção de cadernos artesanais. Serão apresentados materiais, ferramentas e seu manuseio, e as diversas possibilidades para encadernação. Na parte prática, cada participante confeccionará três cadernos, aprendendo a costura simples ou borboleta, a costura correntinha e a costura oriental.</p>
<div class="woocommerce-product-details__short-description">
<h4>Ministrante</h4>
<p><a href="https://www.instagram.com/levemeleve" target="_blank" rel="noopener">Letícia Albanez</a> é artesã e artista visual. Formada em Artes Visuais pela Universidade Estadual de Londrina em 2010, com pós-graduação em Fotografia. Em 2012 criou a <a href="https://www.levemeleve.com" target="_blank" rel="noopener">Levemeleve</a>, marca própria e ateliê de produção artesanal, onde trabalha com encadernação manual e a criação de acessórios em couro. Ministra oficinas de encadernação desde 2015.</p>
<h4>Data e horário</h4>
<p>Dia <strong>27 de abril</strong> (sábado), das 9h às 16h (com 1h de intervalo para almoço).<br />
<em>As inscrições para essa atividade se encerram no dia 25 de abril às 18h00.</em></p>
<h4>Local</h4>
<p>Grafatório – rua Mossoró, 483, Londrina-PR</p>
<h4>Vagas sociais</h4>
</div>
<p><em>Tem interesse na oficina mas não tem condições de pagar?</em> <a href="https://docs.google.com/forms/d/e/1FAIpQLSdcG6PtlUJGsiWjpTrDT-oMIaIl0NKULzkDBvFEebBCXY57hQ/viewform?usp=sf_link" target="_blank" rel="noopener">Acesse aqui o formulário para se candidatar a uma <strong>vaga social</strong>!</a> Será ofertada 1 bolsa integral.</p>
<p><button><a href="https://docs.google.com/forms/d/e/1FAIpQLSecIibf7ldZIapWjC1CB21XsnzcTodYa7i4RClT7ZWahw3PsQ/viewform?usp=sf_link" target="_blank" rel="noopener">Lista de espera</a></button></p>
