{"id":4977,"date":"2024-01-03T09:45:14","date_gmt":"2024-01-03T12:45:14","guid":{"rendered":"https:\/\/grafatorio.com\/site\/?post_type=product&#038;p=4977"},"modified":"2026-02-19T09:38:40","modified_gmt":"2026-02-19T12:38:40","slug":"tremulus","status":"publish","type":"product","link":"https:\/\/grafatorio.com\/site\/produto\/tremulus\/","title":{"rendered":"Tremulus \u2013 Neuza Pinheiro"},"content":{"rendered":"<p style=\"font-weight: 400;\">Nascida em Camb\u00e9 em 1948, Neuza iniciou sua trajet\u00f3ria art\u00edstica ainda na inf\u00e2ncia, cantando como <em>crooner<\/em> na banda de seu pai. No ano de 1970 ela se mudou para Arapongas, onde passou a integrar o GRUTA, grupo de teatro dirigido por Nitis Jacon. Em seguida, Neuza radicou-se em Londrina, onde participou como cantora e compositora nos primeiros festivais universit\u00e1rios da cidade, sendo premiada diversas vezes. Foi neste contexto que ela conheceu Arrigo Barnab\u00e9, que se tornou seu parceiro musical. Em 1979, Neuza seria a vocalista escolhida por Arrigo para interpretar suas m\u00fasicas nos festivais das TVs Cultura e Tupi, alcan\u00e7ando proje\u00e7\u00e3o nacional. Na d\u00e9cada seguinte, integraria a banda Isca de Pol\u00edcia, de Itamar Assump\u00e7\u00e3o, fazendo diversos shows e participando das grava\u00e7\u00f5es do disco <em>Intercontinental! Quem Diria!! Era S\u00f3 o Que Faltava!!!<\/em><\/p>\n<p style=\"font-weight: 400;\">Foi na d\u00e9cada de 1980 que Neuza se interessou mais intensamente pela poesia, tamb\u00e9m como consequ\u00eancia de seu encontro com Paulo Leminski, poeta com quem manteve amizade e que influenciou sua escrita de forma definitiva. Durante as d\u00e9cadas de 1990 e 2000, a poesia de Neuza foi publicada em diversas antologias e revistas liter\u00e1rias, mas seu primeiro livro, intitulado <em>Pele &amp; Osso<\/em>, s\u00f3 seria editado no ano de 2010 \u2013 pouco tempo ap\u00f3s o lan\u00e7amento de seu disco solo, <em>Olodango<\/em>, que saiu em 2007.<\/p>\n<p style=\"font-weight: 400;\"><em>Tremulus<\/em> \u00e9 o seu segundo livro, e consiste em uma sele\u00e7\u00e3o de poemas\u00a0escritos por Neuza Pinheiro nas \u00faltimas tr\u00eas d\u00e9cadas. A obra apresenta uma po\u00e9tica bastante particular, com textos ao mesmo tempo sonoros e diretos, melanc\u00f3licos e \u00e1cidos. Trata-se de uma poesia que embaralha e recodifica refer\u00eancias distintas, como a poesia concreta, a poesia marginal brasileira dos anos 1970 e a poesia decadentista do s\u00e9culo XIX. Atrav\u00e9s dessa est\u00e9tica h\u00edbrida, Neuza comp\u00f5e um livro t\u00e3o biogr\u00e1fico quanto cosmol\u00f3gico, articulando uma verve prof\u00e9tica a temas confessionais, tratando de si mesma enquanto faz especula\u00e7\u00f5es m\u00edsticas e filos\u00f3ficas, como se a hist\u00f3ria do universo coincidisse com sua pr\u00f3pria experi\u00eancia de mundo.<\/p>\n<p style=\"font-weight: 400;\">Al\u00e9m dos poemas, o livro traz ainda um posf\u00e1cio autobiogr\u00e1fico no qual Neuza rememora com certo detalhamento passagens importantes de sua trajet\u00f3ria. O texto foi escrito por Neuza a partir de um di\u00e1logo com os jornalistas Patr\u00edcia Zanin, Tony Hara e Felipe Melhado, que tamb\u00e9m \u00e9 editor do livro.<\/p>\n<p style=\"font-weight: 400;\"><em>Tremulus<\/em> tem projeto gr\u00e1fico assinado pelos designers Luiz Niekawa e Pablo Blanco, al\u00e9m de fotos realizadas por Edson Vieira. As fotografias retratam a autora e alguns de seus objetos pessoais que possuem alto significado simb\u00f3lico. As imagens foram manipuladas em laborat\u00f3rio, atrav\u00e9s de um processo anal\u00f3gico sobre chapas de raio-x, dotando as fotografias de abstra\u00e7\u00f5es visuais e novas camadas de significado.<\/p>\n","protected":false},"excerpt":{"rendered":"<p><em>Tiragem<\/em>\u2003420 exemplares<br \/>\n<em>Pap\u00e9is\u2003<\/em>Camur\u00e7a, Color Plus e P\u00f3len Natural<br \/>\n<em>Impress\u00e3o\u2003<\/em>Hotstamp e offset com cores especiais<br \/>\n<em>Encaderna\u00e7\u00e3o\u2003<\/em>Costura exposta<\/p>\n","protected":false},"featured_media":4989,"template":"","meta":[],"product_brand":[],"product_cat":[25],"product_tag":[],"class_list":{"0":"post-4977","1":"product","2":"type-product","3":"status-publish","4":"has-post-thumbnail","6":"product_cat-produtos","7":"product_shipping_class-livros","9":"first","10":"instock","11":"shipping-taxable","12":"purchasable","13":"product-type-simple"},"_links":{"self":[{"href":"https:\/\/grafatorio.com\/site\/wp-json\/wp\/v2\/product\/4977","targetHints":{"allow":["GET"]}}],"collection":[{"href":"https:\/\/grafatorio.com\/site\/wp-json\/wp\/v2\/product"}],"about":[{"href":"https:\/\/grafatorio.com\/site\/wp-json\/wp\/v2\/types\/product"}],"wp:featuredmedia":[{"embeddable":true,"href":"https:\/\/grafatorio.com\/site\/wp-json\/wp\/v2\/media\/4989"}],"wp:attachment":[{"href":"https:\/\/grafatorio.com\/site\/wp-json\/wp\/v2\/media?parent=4977"}],"wp:term":[{"taxonomy":"product_brand","embeddable":true,"href":"https:\/\/grafatorio.com\/site\/wp-json\/wp\/v2\/product_brand?post=4977"},{"taxonomy":"product_cat","embeddable":true,"href":"https:\/\/grafatorio.com\/site\/wp-json\/wp\/v2\/product_cat?post=4977"},{"taxonomy":"product_tag","embeddable":true,"href":"https:\/\/grafatorio.com\/site\/wp-json\/wp\/v2\/product_tag?post=4977"}],"curies":[{"name":"wp","href":"https:\/\/api.w.org\/{rel}","templated":true}]}}