{"id":4806,"date":"2023-11-07T18:00:48","date_gmt":"2023-11-07T21:00:48","guid":{"rendered":"https:\/\/grafatorio.com\/site\/?post_type=product&#038;p=4806"},"modified":"2025-02-27T19:21:31","modified_gmt":"2025-02-27T22:21:31","slug":"lambes-experimentais","status":"publish","type":"product","link":"https:\/\/grafatorio.com\/site\/produto\/lambes-experimentais\/","title":{"rendered":"Oficina de Lambes Experimentais"},"content":{"rendered":"","protected":false},"excerpt":{"rendered":"<h4>Descri\u00e7\u00e3o<\/h4>\n<p>A oficina passa pela hist\u00f3ria, express\u00f5es e aplica\u00e7\u00f5es dos lambes como arte de rua. Os participantes ir\u00e3o criar lambes experimentais usando diversos materiais gr\u00e1ficos, tanto individualmente quanto colaborativamente. Ser\u00e3o utilizadas t\u00e9cnicas como impress\u00e3o por tipos m\u00f3veis, monotipia e apropria\u00e7\u00e3o de imagens impressas. Ap\u00f3s a produ\u00e7\u00e3o, o grupo sair\u00e1 para a rua para colar os lambes, junto com as cria\u00e7\u00f5es do circuito Grude.<\/p>\n<div class=\"woocommerce-product-details__short-description\">\n<h4>Ministrantes<\/h4>\n<p><span style=\"font-weight: 400;\"><a href=\"https:\/\/www.instagram.com\/karampazzo\"><strong>Karina Rampazzo<\/strong><\/a> \u00e9\u00a0designer e artista visual presente nos circuitos das artes com exposi\u00e7\u00f5es autorais e projetos coletivos por meio de abordagens experimentais. Docente no curso de gradua\u00e7\u00e3o em Design Gr\u00e1fico e p\u00f3s-gradua\u00e7\u00e3o em Design (UNIFIL), tem interesse na produ\u00e7\u00e3o e cr\u00edtica da imagem, teoria e hist\u00f3ria do design. Doutoranda em Design (UFPR) com pesquisa em fotolivros, narrativa visual e cultura visual.<\/span><\/p>\n<p><span style=\"font-weight: 400;\"><a href=\"https:\/\/www.instagram.com\/luaspecian\/\"><strong>Lua Specian <\/strong><\/a>\u00e9\u00a0artista visual, cantora, ceramista, produtora cultural, programadora art\u00edstica, comunicadora, observadora e pesquisadora da rua. Graduada em Artes Visuais pela Universidade Estadual de Londrina, foi idealizadora e curadora da semana de arte urbana de Londrina de 2015 a 2017, idealizadora da Mesclada e da FIA (feira de impressos de arte).<\/span><\/p>\n<h4>Data e hor\u00e1rio<\/h4>\n<p>Dia <strong>25 de novembro<\/strong> (s\u00e1bado), das 10h \u00e0s 18h (com 2h de intervalo para almo\u00e7o).<br \/>\n<em>As inscri\u00e7\u00f5es para essa atividade se encerram no dia 23 de novembro \u00e0s 18h00.<\/em><\/p>\n<h4>Local<\/h4>\n<p>Grafat\u00f3rio \u2013 rua Mossor\u00f3, 483, Londrina-PR<\/p>\n<h4>Vagas sociais<\/h4>\n<\/div>\n<p><em>Tem interesse na oficina mas n\u00e3o tem condi\u00e7\u00f5es de pagar?<\/em>\u00a0<a href=\"https:\/\/docs.google.com\/forms\/d\/e\/1FAIpQLSdlG0EF38ROELd8q3bK4R9vUV4INJpbQG8679aUuyyUj98JmQ\/viewform?usp=sf_link\">Acesse aqui o formul\u00e1rio para se candidatar\u00a0a uma <strong>vaga social<\/strong>!<\/a> Ser\u00e3o ofertadas 2 bolsas integrais.<\/p>\n<p><button><a href=\"https:\/\/docs.google.com\/forms\/d\/e\/1FAIpQLSflHEmoobLLwmSWivZYpMsIOoos73-Y70bCM9BDi6aZudlRCQ\/viewform?usp=sf_link\" target=\"_blank\" rel=\"noopener\">Lista de espera<\/a><\/button><\/p>\n","protected":false},"featured_media":4836,"template":"","meta":[],"product_brand":[],"product_cat":[22],"product_tag":[],"class_list":{"0":"post-4806","1":"product","2":"type-product","3":"status-publish","4":"has-post-thumbnail","6":"product_cat-atividades","8":"first","9":"outofstock","10":"virtual","11":"sold-individually","12":"purchasable","13":"product-type-simple"},"_links":{"self":[{"href":"https:\/\/grafatorio.com\/site\/wp-json\/wp\/v2\/product\/4806","targetHints":{"allow":["GET"]}}],"collection":[{"href":"https:\/\/grafatorio.com\/site\/wp-json\/wp\/v2\/product"}],"about":[{"href":"https:\/\/grafatorio.com\/site\/wp-json\/wp\/v2\/types\/product"}],"wp:featuredmedia":[{"embeddable":true,"href":"https:\/\/grafatorio.com\/site\/wp-json\/wp\/v2\/media\/4836"}],"wp:attachment":[{"href":"https:\/\/grafatorio.com\/site\/wp-json\/wp\/v2\/media?parent=4806"}],"wp:term":[{"taxonomy":"product_brand","embeddable":true,"href":"https:\/\/grafatorio.com\/site\/wp-json\/wp\/v2\/product_brand?post=4806"},{"taxonomy":"product_cat","embeddable":true,"href":"https:\/\/grafatorio.com\/site\/wp-json\/wp\/v2\/product_cat?post=4806"},{"taxonomy":"product_tag","embeddable":true,"href":"https:\/\/grafatorio.com\/site\/wp-json\/wp\/v2\/product_tag?post=4806"}],"curies":[{"name":"wp","href":"https:\/\/api.w.org\/{rel}","templated":true}]}}

<h4>Descrição</h4>
<p>A oficina passa pela história, expressões e aplicações dos lambes como arte de rua. Os participantes irão criar lambes experimentais usando diversos materiais gráficos, tanto individualmente quanto colaborativamente. Serão utilizadas técnicas como impressão por tipos móveis, monotipia e apropriação de imagens impressas. Após a produção, o grupo sairá para a rua para colar os lambes, junto com as criações do circuito Grude.</p>
<div class="woocommerce-product-details__short-description">
<h4>Ministrantes</h4>
<p><span style="font-weight: 400;"><a href="https://www.instagram.com/karampazzo"><strong>Karina Rampazzo</strong></a> é designer e artista visual presente nos circuitos das artes com exposições autorais e projetos coletivos por meio de abordagens experimentais. Docente no curso de graduação em Design Gráfico e pós-graduação em Design (UNIFIL), tem interesse na produção e crítica da imagem, teoria e história do design. Doutoranda em Design (UFPR) com pesquisa em fotolivros, narrativa visual e cultura visual.</span></p>
<p><span style="font-weight: 400;"><a href="https://www.instagram.com/luaspecian/"><strong>Lua Specian </strong></a>é artista visual, cantora, ceramista, produtora cultural, programadora artística, comunicadora, observadora e pesquisadora da rua. Graduada em Artes Visuais pela Universidade Estadual de Londrina, foi idealizadora e curadora da semana de arte urbana de Londrina de 2015 a 2017, idealizadora da Mesclada e da FIA (feira de impressos de arte).</span></p>
<h4>Data e horário</h4>
<p>Dia <strong>25 de novembro</strong> (sábado), das 10h às 18h (com 2h de intervalo para almoço).<br />
<em>As inscrições para essa atividade se encerram no dia 23 de novembro às 18h00.</em></p>
<h4>Local</h4>
<p>Grafatório – rua Mossoró, 483, Londrina-PR</p>
<h4>Vagas sociais</h4>
</div>
<p><em>Tem interesse na oficina mas não tem condições de pagar?</em> <a href="https://docs.google.com/forms/d/e/1FAIpQLSdlG0EF38ROELd8q3bK4R9vUV4INJpbQG8679aUuyyUj98JmQ/viewform?usp=sf_link">Acesse aqui o formulário para se candidatar a uma <strong>vaga social</strong>!</a> Serão ofertadas 2 bolsas integrais.</p>
<p><button><a href="https://docs.google.com/forms/d/e/1FAIpQLSflHEmoobLLwmSWivZYpMsIOoos73-Y70bCM9BDi6aZudlRCQ/viewform?usp=sf_link" target="_blank" rel="noopener">Lista de espera</a></button></p>
