{"id":4624,"date":"2023-07-26T15:58:17","date_gmt":"2023-07-26T18:58:17","guid":{"rendered":"https:\/\/grafatorio.com\/site\/?post_type=product&#038;p=4624"},"modified":"2025-02-27T19:22:08","modified_gmt":"2025-02-27T22:22:08","slug":"voce-e-uma-cancao","status":"publish","type":"product","link":"https:\/\/grafatorio.com\/site\/produto\/voce-e-uma-cancao\/","title":{"rendered":"Voc\u00ea \u00e9 uma can\u00e7\u00e3o: <\/br>oficina de musicaliza\u00e7\u00e3o de poemas"},"content":{"rendered":"","protected":false},"excerpt":{"rendered":"<h4>Descri\u00e7\u00e3o<\/h4>\n<p><span style=\"font-weight: 400;\">Os participantes desta oficina ir\u00e3o explorar, atrav\u00e9s da pr\u00e1tica da improvisa\u00e7\u00e3o e escuta, algumas estrat\u00e9gias poss\u00edveis para a musicaliza\u00e7\u00e3o de textos. A atividade formativa \u00e9 aberta ao p\u00fablico em geral, sem necessidade de conhecimento musical pr\u00e9vio ou habilidades como instrumentista. Aproveitando o ensejo do lan\u00e7amento do livro Gal\u00e1xia Floresce na Primavera, de Nanao Sakaki, a oficina prop\u00f5e que os participantes entrem em contato com seus poemas e que componham a partir deles, de improviso, com os instrumentos musicais dispon\u00edveis. Algumas das can\u00e7\u00f5es resultantes da oficina devem integrar o show na noite de lan\u00e7amento do livro.\u00a0<\/span><\/p>\n<div class=\"woocommerce-product-details__short-description\">\n<h4>Ministrantes<\/h4>\n<p><span style=\"font-weight: 400;\"><strong>Vitor Wutzki<\/strong> \u00e9 compositor, m\u00fasico e letrista. Seu trabalho investiga a rela\u00e7\u00e3o entre m\u00fasica e poesia. Em 2020, come\u00e7ou a divulgar os singles de seu primeiro \u00e1lbum, \u201cEspa\u00e7o em Branco e Outros Poemas\u201d, que dever\u00e1 ser lan\u00e7ado em breve. Musicou poemas de Nanao Sakaki, Ang\u00e9lica Freitas, Ad\u00e9lia Prado, Rainer Maria Rilke, entre outros.<\/span><\/p>\n<p><span style=\"font-weight: 400;\"><strong>Bruno Iasi<\/strong> \u00e9 m\u00fasico formado pela Los Angeles Music Academy, 2007. Em sua trajet\u00f3ria, vem trabalhando ao lado de muitos artistas, com destaque para a Orquestra Mundana, Tarace Boulba (FRA), Fabiano de Castro Quinteto, Marcelo D&#8217;Angelo, Andr\u00e9 Martins, Carrah Flahive (USA), Pachito Mu\u00f1oz (COL), entre outros. Como compositor lan\u00e7ou dois trabalhos, Baru (2016) e Transfinito (2018).<\/span><\/p>\n<h4>Data e hor\u00e1rio<\/h4>\n<p>Dia <strong>5 de agosto<\/strong>, \u00a09h \u00e0s 13h.<br \/>\n<em>As inscri\u00e7\u00f5es para essa atividade se encerram no dia 3 de agosto \u00e0s 18h00.<\/em><\/p>\n<h4>Local<\/h4>\n<p>Grafat\u00f3rio \u2013 rua Mossor\u00f3, 483, Londrina-PR<\/p>\n<h4>Vagas sociais<\/h4>\n<\/div>\n<p><em>Tem interesse na oficina mas n\u00e3o tem condi\u00e7\u00f5es de pagar?<\/em>\u00a0<a href=\"https:\/\/docs.google.com\/forms\/d\/e\/1FAIpQLSf5BifxaRJD4_SEd_Q8X8-6eiZZitPOgXnY2LM-UtarflUSTw\/viewform?usp=sf_link\">Acesse aqui o formul\u00e1rio para se candidatar\u00a0a uma <strong>vaga social<\/strong>!<\/a> Ser\u00e3o ofertadas 2 bolsas integrais.<\/p>\n","protected":false},"featured_media":4626,"template":"","meta":[],"product_brand":[],"product_cat":[22],"product_tag":[],"class_list":{"0":"post-4624","1":"product","2":"type-product","3":"status-publish","4":"has-post-thumbnail","6":"product_cat-atividades","8":"first","9":"outofstock","10":"virtual","11":"sold-individually","12":"purchasable","13":"product-type-simple"},"_links":{"self":[{"href":"https:\/\/grafatorio.com\/site\/wp-json\/wp\/v2\/product\/4624","targetHints":{"allow":["GET"]}}],"collection":[{"href":"https:\/\/grafatorio.com\/site\/wp-json\/wp\/v2\/product"}],"about":[{"href":"https:\/\/grafatorio.com\/site\/wp-json\/wp\/v2\/types\/product"}],"wp:featuredmedia":[{"embeddable":true,"href":"https:\/\/grafatorio.com\/site\/wp-json\/wp\/v2\/media\/4626"}],"wp:attachment":[{"href":"https:\/\/grafatorio.com\/site\/wp-json\/wp\/v2\/media?parent=4624"}],"wp:term":[{"taxonomy":"product_brand","embeddable":true,"href":"https:\/\/grafatorio.com\/site\/wp-json\/wp\/v2\/product_brand?post=4624"},{"taxonomy":"product_cat","embeddable":true,"href":"https:\/\/grafatorio.com\/site\/wp-json\/wp\/v2\/product_cat?post=4624"},{"taxonomy":"product_tag","embeddable":true,"href":"https:\/\/grafatorio.com\/site\/wp-json\/wp\/v2\/product_tag?post=4624"}],"curies":[{"name":"wp","href":"https:\/\/api.w.org\/{rel}","templated":true}]}}