{"id":3923,"date":"2021-05-04T17:50:21","date_gmt":"2021-05-04T20:50:21","guid":{"rendered":"https:\/\/grafatorio.com\/site\/?post_type=product&#038;p=3923"},"modified":"2022-01-26T16:31:50","modified_gmt":"2022-01-26T19:31:50","slug":"pessoas-fazem-livros-mai21","status":"publish","type":"product","link":"https:\/\/grafatorio.com\/site\/produto\/pessoas-fazem-livros-mai21\/","title":{"rendered":"Pessoas fazem livros [online] \u2013 turma dois"},"content":{"rendered":"<p><a name=\"detalhes\"><\/a><\/p>\n<h3>Pessoas fazem livros<\/h3>\n<h4>Conte\u00fado<\/h4>\n<ul>\n<li>Apresenta\u00e7\u00e3o de projetos editoriais e publica\u00e7\u00f5es de artista no contexto brasileiro;<\/li>\n<li>Compartilhamento de projetos e processos de cada participante e conversa coletiva.<\/li>\n<\/ul>\n<h4>Equipamento necess\u00e1rio<\/h4>\n<p>Computador com acesso \u00e0 internet.<\/p>\n<h4>D\u00favidas?<\/h4>\n<p>Envie uma mensagem para <strong>contato@grafatorio.com<\/strong><\/p>\n","protected":false},"excerpt":{"rendered":"<h4>Descri\u00e7\u00e3o<\/h4>\n<p>\u201cNa verdade \u00e9 muito simples, artistas s\u00e3o pessoas e pessoas fazem livros\u201d. A partir da frase de Lawrence Weiner, esta oficina aborda projetos editoriais e publica\u00e7\u00f5es de artista no contexto brasileiro, observando suportes, conceitos e as in\u00fameras rela\u00e7\u00f5es da publica\u00e7\u00e3o de artista como um meio. Al\u00e9m da parte expositiva, abre-se espa\u00e7o para o compartilhamento de projetos e processos editoriais de cada participante em uma conversa coletiva. Cada participante pode trazer uma ideia de publica\u00e7\u00e3o, desde uma anota\u00e7\u00e3o ou at\u00e9 um projeto j\u00e1 em edi\u00e7\u00e3o.<\/p>\n<p><a href=\"#detalhes\">\u2192 MAIS INFORMA\u00c7\u00d5ES<\/a><\/p>\n<div class=\"woocommerce-product-details__short-description\">\n<h4>Ministrante<\/h4>\n<p><a href=\"https:\/\/www.feiraflamboia.com.br\/\"><strong>gabi bresola<\/strong> e <strong>marcos walickosky<\/strong><\/a> trabalham com artes visuais. desde 2015, coordenam a feira flamboi\u00e3 e atuam em v\u00e1rios projetos de publica\u00e7\u00f5es de artista. possuem gradua\u00e7\u00e3o e mestrado em artes visuais, pela universidade do estado de santa catarina. marcos pesquisa apropria\u00e7\u00e3o de texto nas artes visuais e gabi bresola, a edi\u00e7\u00e3o de publica\u00e7\u00f5es como uma pr\u00e1tica art\u00edstica.<\/p>\n<h4>Data e hor\u00e1rio<\/h4>\n<p>Dias <strong>10, 11 e 12 maio<\/strong>,\u00a0 19h \u00e0s 21h.<\/p>\n<p>Encontros online atrav\u00e9s do Google Meet.<br \/>\n<em>As inscri\u00e7\u00f5es para essa atividade se encerram no dia 8 de maio \u00e0s 18h00.<\/em><\/p>\n<h4>Vagas sociais<\/h4>\n<\/div>\n<p><em>Tem interesse na oficina mas n\u00e3o tem condi\u00e7\u00f5es de pagar?<\/em>\u00a0<a href=\"https:\/\/forms.gle\/UhRt64zPq51RCuyq7\">Acesse aqui o formul\u00e1rio para se candidatar\u00a0a uma <strong>vaga social<\/strong>!<\/a> Ser\u00e3o ofertadas 3 bolsas integrais.<\/p>\n<p><button><a href=\"https:\/\/docs.google.com\/forms\/d\/e\/1FAIpQLSfjIBCG4WucR3p-u1xIblvVpZzbVHPhSWQSCAZOHj8rXloabg\/viewform?usp=sf_link\" target=\"_blank\" rel=\"noopener\">Lista de espera<\/a><\/button><\/p>\n","protected":false},"featured_media":3925,"template":"","meta":[],"product_brand":[],"product_cat":[22],"product_tag":[],"class_list":{"0":"post-3923","1":"product","2":"type-product","3":"status-publish","4":"has-post-thumbnail","6":"product_cat-atividades","8":"first","9":"outofstock","10":"virtual","11":"sold-individually","12":"purchasable","13":"product-type-simple"},"_links":{"self":[{"href":"https:\/\/grafatorio.com\/site\/wp-json\/wp\/v2\/product\/3923","targetHints":{"allow":["GET"]}}],"collection":[{"href":"https:\/\/grafatorio.com\/site\/wp-json\/wp\/v2\/product"}],"about":[{"href":"https:\/\/grafatorio.com\/site\/wp-json\/wp\/v2\/types\/product"}],"wp:featuredmedia":[{"embeddable":true,"href":"https:\/\/grafatorio.com\/site\/wp-json\/wp\/v2\/media\/3925"}],"wp:attachment":[{"href":"https:\/\/grafatorio.com\/site\/wp-json\/wp\/v2\/media?parent=3923"}],"wp:term":[{"taxonomy":"product_brand","embeddable":true,"href":"https:\/\/grafatorio.com\/site\/wp-json\/wp\/v2\/product_brand?post=3923"},{"taxonomy":"product_cat","embeddable":true,"href":"https:\/\/grafatorio.com\/site\/wp-json\/wp\/v2\/product_cat?post=3923"},{"taxonomy":"product_tag","embeddable":true,"href":"https:\/\/grafatorio.com\/site\/wp-json\/wp\/v2\/product_tag?post=3923"}],"curies":[{"name":"wp","href":"https:\/\/api.w.org\/{rel}","templated":true}]}}