{"id":3625,"date":"2020-10-01T21:19:56","date_gmt":"2020-10-02T00:19:56","guid":{"rendered":"https:\/\/grafatorio.com\/site\/?post_type=product&#038;p=3625"},"modified":"2021-05-06T15:49:04","modified_gmt":"2021-05-06T18:49:04","slug":"apropriacao-fotografica-out20","status":"publish","type":"product","link":"https:\/\/grafatorio.com\/site\/produto\/apropriacao-fotografica-out20\/","title":{"rendered":"Apropria\u00e7\u00e3o Fotogr\u00e1fica: mem\u00f3ria e constru\u00e7\u00e3o [online]"},"content":{"rendered":"<p><a name=\"detalhes\"><\/a><\/p>\n<h3>Apropria\u00e7\u00e3o Fotogr\u00e1fica: mem\u00f3ria e constru\u00e7\u00e3o<\/h3>\n<h4>Conte\u00fado<\/h4>\n<ul>\n<li>Fotografia como mem\u00f3ria;<\/li>\n<li>Dilui\u00e7\u00e3o da autoria;<\/li>\n<li>Discurso ideol\u00f3gico da fotografia como verdade;<\/li>\n<li>Satura\u00e7\u00e3o das imagens no meio digital;<\/li>\n<li>Estrat\u00e9gias de apropria\u00e7\u00e3o: deslocamento, colagem, organiza\u00e7\u00e3o, produ\u00e7\u00e3o de texto e contexto;<\/li>\n<li>Autores da contemporaneidade: Rosana Paulino, Ros\u00e2ngela Renn\u00f3, Vik Muniz, Eust\u00e1quio Neves, Jonathas de Andrade, Jos\u00e9 Pilone, Sherrie Levine, Christian Boltanski, Joan Fontcuberta, entre outros.<\/li>\n<\/ul>\n<h4>Equipamento necess\u00e1rio<\/h4>\n<p>Computador com acesso \u00e0 internet.<\/p>\n<h4>D\u00favidas?<\/h4>\n<p>Envie uma mensagem para <strong>contato@grafatorio.com<\/strong><\/p>\n","protected":false},"excerpt":{"rendered":"<p>em at\u00e9 12\u00a0parcelas no cart\u00e3o de cr\u00e9dito (com juros)<br \/>\n<em>\u2192 R$165,00 para pagamentos \u00e0 vista via transfer\u00eancia banc\u00e1ria<\/em><\/p>\n<h4>Descri\u00e7\u00e3o<\/h4>\n<p>A apropria\u00e7\u00e3o fotogr\u00e1fica \u00e9 uma forma de cria\u00e7\u00e3o em que o artista se apropria de imagens fotogr\u00e1ficas preexistentes para criar novos sentidos e significados. Nesta oficina, cada participante ser\u00e1 convidado a se apropriar de imagens fotogr\u00e1ficas que est\u00e3o ao seu alcance para reconstruir significados.<\/p>\n<p><a href=\"#detalhes\">\u2192 MAIS INFORMA\u00c7\u00d5ES<\/a><\/p>\n<div class=\"woocommerce-product-details__short-description\">\n<h4>Ministrante<\/h4>\n<p><a href=\"https:\/\/www.mairaishida.com\/\"><strong>Ma\u00edra Ishida <\/strong><\/a>\u00e9 artista visual, trabalha com fotografia, montagem digital, instala\u00e7\u00e3o, <em>site specific<\/em> e v\u00eddeo. Investiga a rela\u00e7\u00e3o entre a imagem fotogr\u00e1fica e a produ\u00e7\u00e3o de mem\u00f3ria e esquecimento na constru\u00e7\u00e3o de narrativas. \u00c9 doutoranda pela UNICAMP e participou de diversas exposi\u00e7\u00f5es e festivais de fotografia. Foi ganhadora do Pr\u00eamio Mercosul de Artes Visuais 2016 \u2013 FUNARTE.\u00a0 Atua como docente em artes visuais e fotografia em S\u00e3o Paulo.<\/p>\n<h4>Data e hor\u00e1rio<\/h4>\n<p>Dias <strong>3, 5, 9 e 12 novembro<\/strong>, das 19h30 \u00e0s 21h.<br \/>\nEncontros online atrav\u00e9s do Google Meet.<br \/>\n<em>As inscri\u00e7\u00f5es para essa atividade se encerram no dia 30 de outubro \u00e0s 18h00.<\/em><\/p>\n<h4>Vagas sociais<\/h4>\n<\/div>\n<p><em>Tem interesse na oficina mas n\u00e3o tem condi\u00e7\u00f5es de pagar?<\/em> Envie uma mensagem para <strong>contato@grafatorio.com<\/strong> e saiba como se candidatar a uma <strong>vaga social<\/strong>! Ser\u00e3o ofertadas 4 bolsas integrais. As candidaturas para as bolsas se encerram no dia 30 de outubro \u00e0s 18h00.<\/p>\n","protected":false},"featured_media":3632,"template":"","meta":[],"product_brand":[],"product_cat":[22],"product_tag":[],"class_list":{"0":"post-3625","1":"product","2":"type-product","3":"status-publish","4":"has-post-thumbnail","6":"product_cat-atividades","8":"first","9":"outofstock","10":"virtual","11":"sold-individually","12":"purchasable","13":"product-type-simple"},"_links":{"self":[{"href":"https:\/\/grafatorio.com\/site\/wp-json\/wp\/v2\/product\/3625","targetHints":{"allow":["GET"]}}],"collection":[{"href":"https:\/\/grafatorio.com\/site\/wp-json\/wp\/v2\/product"}],"about":[{"href":"https:\/\/grafatorio.com\/site\/wp-json\/wp\/v2\/types\/product"}],"wp:featuredmedia":[{"embeddable":true,"href":"https:\/\/grafatorio.com\/site\/wp-json\/wp\/v2\/media\/3632"}],"wp:attachment":[{"href":"https:\/\/grafatorio.com\/site\/wp-json\/wp\/v2\/media?parent=3625"}],"wp:term":[{"taxonomy":"product_brand","embeddable":true,"href":"https:\/\/grafatorio.com\/site\/wp-json\/wp\/v2\/product_brand?post=3625"},{"taxonomy":"product_cat","embeddable":true,"href":"https:\/\/grafatorio.com\/site\/wp-json\/wp\/v2\/product_cat?post=3625"},{"taxonomy":"product_tag","embeddable":true,"href":"https:\/\/grafatorio.com\/site\/wp-json\/wp\/v2\/product_tag?post=3625"}],"curies":[{"name":"wp","href":"https:\/\/api.w.org\/{rel}","templated":true}]}}

Apropriação Fotográfica: memória e construção [online]

<p><a name="detalhes"></a></p>
<h3>Apropriação Fotográfica: memória e construção</h3>
<h4>Conteúdo</h4>
<ul>
<li>Fotografia como memória;</li>
<li>Diluição da autoria;</li>
<li>Discurso ideológico da fotografia como verdade;</li>
<li>Saturação das imagens no meio digital;</li>
<li>Estratégias de apropriação: deslocamento, colagem, organização, produção de texto e contexto;</li>
<li>Autores da contemporaneidade: Rosana Paulino, Rosângela Rennó, Vik Muniz, Eustáquio Neves, Jonathas de Andrade, José Pilone, Sherrie Levine, Christian Boltanski, Joan Fontcuberta, entre outros.</li>
</ul>
<h4>Equipamento necessário</h4>
<p>Computador com acesso à internet.</p>
<h4>Dúvidas?</h4>
<p>Envie uma mensagem para <strong>contato@grafatorio.com</strong></p>

<p>em até 12 parcelas no cartão de crédito (com juros)<br />
<em>→ R$165,00 para pagamentos à vista via transferência bancária</em></p>
<h4>Descrição</h4>
<p>A apropriação fotográfica é uma forma de criação em que o artista se apropria de imagens fotográficas preexistentes para criar novos sentidos e significados. Nesta oficina, cada participante será convidado a se apropriar de imagens fotográficas que estão ao seu alcance para reconstruir significados.</p>
<p><a href="#detalhes">→ MAIS INFORMAÇÕES</a></p>
<div class="woocommerce-product-details__short-description">
<h4>Ministrante</h4>
<p><a href="https://www.mairaishida.com/"><strong>Maíra Ishida </strong></a>é artista visual, trabalha com fotografia, montagem digital, instalação, <em>site specific</em> e vídeo. Investiga a relação entre a imagem fotográfica e a produção de memória e esquecimento na construção de narrativas. É doutoranda pela UNICAMP e participou de diversas exposições e festivais de fotografia. Foi ganhadora do Prêmio Mercosul de Artes Visuais 2016 – FUNARTE.  Atua como docente em artes visuais e fotografia em São Paulo.</p>
<h4>Data e horário</h4>
<p>Dias <strong>3, 5, 9 e 12 novembro</strong>, das 19h30 às 21h.<br />
Encontros online através do Google Meet.<br />
<em>As inscrições para essa atividade se encerram no dia 30 de outubro às 18h00.</em></p>
<h4>Vagas sociais</h4>
</div>
<p><em>Tem interesse na oficina mas não tem condições de pagar?</em> Envie uma mensagem para <strong>contato@grafatorio.com</strong> e saiba como se candidatar a uma <strong>vaga social</strong>! Serão ofertadas 4 bolsas integrais. As candidaturas para as bolsas se encerram no dia 30 de outubro às 18h00.</p>
