{"id":3117,"date":"2018-07-25T13:30:24","date_gmt":"2018-07-25T16:30:24","guid":{"rendered":"http:\/\/grafatorio.com\/site\/?post_type=product&#038;p=3117"},"modified":"2021-03-17T23:42:25","modified_gmt":"2021-03-18T02:42:25","slug":"livro-novos-contos","status":"publish","type":"product","link":"https:\/\/grafatorio.com\/site\/produto\/livro-novos-contos\/","title":{"rendered":"Novos Contos &#8211; Rog\u00e9rio Sganzerla"},"content":{"rendered":"<p>Aos 7 anos de idade, Rog\u00e9rio Sganzerla foi sozinho a uma tipografia de sua cidade natal, em Joa\u00e7aba, Santa Catarina. Ele queria imprimir um livro. Entregou ao tip\u00f3grafo quatro pequenos contos que escrevia escondido de seus pais e saiu de l\u00e1 com sua primeira publica\u00e7\u00e3o: Novos Contos, de 1954.<\/p>\n<p>Quinze anos depois, com 22 anos, esse criador precoce seria aclamado como um dos mais inventivos e radicais diretores do cinema brasileiro, ao estrear com seu longa-metragem O Bandido da Luz Vermelha (1968), um sucesso de cr\u00edtica e de p\u00fablico. Nas entrevistas que deu nessa \u00e9poca e em muitas outras at\u00e9 o fim de sua vida, em 2004, Sganzerla lembrou de Novos Contos. Para ele e para muito de seus cr\u00edticos e amigos, o pequeno livro era um \u00edndice de sua criatividade an\u00e1rquica, impar\u00e1vel desde a inf\u00e2ncia.<\/p>\n<p>Agora, a Grafat\u00f3rio Edi\u00e7\u00f5es em parceria com a Mir\u00edade Edi\u00e7\u00f5es lan\u00e7a uma nova vers\u00e3o, tipogr\u00e1fica e fac-similar, do curioso Novos Contos. O livro vem recontextualizado gr\u00e1fica e editorialmente, incluindo um texto-depoimento de Zenaide Sganzerla, a m\u00e3e de Rog\u00e9rio, hoje com 99 anos.<\/p>\n<p>A nova edi\u00e7\u00e3o \u00e9 um livreco-objeto que intensifica a pot\u00eancia desse epis\u00f3dio biogr\u00e1fico singular, convidando a ler no devir-crian\u00e7a de Rog\u00e9rio a inquietude que marcaria toda sua produ\u00e7\u00e3o posterior. S\u00e3o quatro pequenos contos que afetam crian\u00e7as e adultos: o primeiro deles \u00e9 uma f\u00e1bula, com uma estrutura cl\u00e1ssica. Mas o \u00faltimo j\u00e1 lan\u00e7a o primeiro anti-her\u00f3i de Sganzerla: o patinho Beb\u00e9, que abandona seu irm\u00e3o inv\u00e1lido para assaltar o castelo de uma princesa, descendo porrada em um gigante.<\/p>\n<p>Quem tiver de sapato n\u00e3o sobra. N\u00e3o pode sobrar!<\/p>\n","protected":false},"excerpt":{"rendered":"<p><em>Tiragem<\/em>\u2003500 exemplares<br \/>\n<em>Pap\u00e9is<\/em>\u2003Livreto \u2013 Capa AG 90g e Avena 80g; Carta \u2013 Flor-post 35g<br \/>\n<em>Impress\u00e3o<\/em>\u2003Tipografia com composi\u00e7\u00e3o manual e offset<br \/>\n<em>Encaderna\u00e7\u00e3o<\/em>\u2003Grampo escondido<br \/>\n<em>Dimens\u00f5es<\/em>\u200316&#215;11,5cm<\/p>\n","protected":false},"featured_media":3142,"template":"","meta":[],"product_brand":[],"product_cat":[25],"product_tag":[],"class_list":{"0":"post-3117","1":"product","2":"type-product","3":"status-publish","4":"has-post-thumbnail","6":"product_cat-produtos","7":"product_shipping_class-livros","9":"first","10":"outofstock","11":"featured","12":"shipping-taxable","13":"purchasable","14":"product-type-simple"},"_links":{"self":[{"href":"https:\/\/grafatorio.com\/site\/wp-json\/wp\/v2\/product\/3117","targetHints":{"allow":["GET"]}}],"collection":[{"href":"https:\/\/grafatorio.com\/site\/wp-json\/wp\/v2\/product"}],"about":[{"href":"https:\/\/grafatorio.com\/site\/wp-json\/wp\/v2\/types\/product"}],"wp:featuredmedia":[{"embeddable":true,"href":"https:\/\/grafatorio.com\/site\/wp-json\/wp\/v2\/media\/3142"}],"wp:attachment":[{"href":"https:\/\/grafatorio.com\/site\/wp-json\/wp\/v2\/media?parent=3117"}],"wp:term":[{"taxonomy":"product_brand","embeddable":true,"href":"https:\/\/grafatorio.com\/site\/wp-json\/wp\/v2\/product_brand?post=3117"},{"taxonomy":"product_cat","embeddable":true,"href":"https:\/\/grafatorio.com\/site\/wp-json\/wp\/v2\/product_cat?post=3117"},{"taxonomy":"product_tag","embeddable":true,"href":"https:\/\/grafatorio.com\/site\/wp-json\/wp\/v2\/product_tag?post=3117"}],"curies":[{"name":"wp","href":"https:\/\/api.w.org\/{rel}","templated":true}]}}