{"id":2593,"date":"2018-06-06T18:05:48","date_gmt":"2018-06-06T21:05:48","guid":{"rendered":"http:\/\/www.grafatorio.com\/blog\/?post_type=product&#038;p=2593"},"modified":"2018-09-13T17:59:15","modified_gmt":"2018-09-13T20:59:15","slug":"cadernos-artesanais","status":"publish","type":"product","link":"https:\/\/grafatorio.com\/site\/produto\/cadernos-artesanais\/","title":{"rendered":"Cadernos Artesanais"},"content":{"rendered":"<p><a name=\"detalhes\"><\/a><\/p>\n<h4>Ministrante<\/h4>\n<p><strong>Let\u00edcia Albanez\u00a0<\/strong>\u00a0formou-se em Artes Visuais no ano de 2010 e em 2011 realizou p\u00f3s-gradua\u00e7\u00e3o em Fotografia, ambas na UEL (Universidade Estadual de Londrina\/PR). Interessada por trabalhos art\u00edsticos e processos artesanais, em 2012 criou a Levemeleve, onde al\u00e9m de produzir objetos como cadernos e \u00e1lbuns de fotografias, desenvolve projeto de livros, portf\u00f3lios e cadernos de artistas.<\/p>\n<p><a href=\"https:\/\/www.facebook.com\/levemeleve\" target=\"_blank\" rel=\"noopener\">facebook.com\/levemeleve<\/a><\/p>\n<h4>Descri\u00e7\u00e3o<\/h4>\n<p>A oficina abordar\u00e1 princ\u00edpios e t\u00e9cnicas b\u00e1sicas para a\u00a0produ\u00e7\u00e3o de cadernos artesanais. Ser\u00e3o apresentados\u00a0materiais, ferramentas e suas diversas possibilidades\u00a0para encaderna\u00e7\u00e3o!\u00a0Na parte pr\u00e1tica, cada participante confeccionar\u00e1 um\u00a0\u00e1lbum de fotografias e dois cadernos, aprendendo a\u00a0costura simples ou borboleta, a costura correntinha e a\u00a0costura japonesa.<\/p>\n<h4>Conte\u00fado<\/h4>\n<ul>\n<li><strong>Introdu\u00e7\u00e3o<\/strong><\/li>\n<li>\n<ul>\n<li>Apresenta\u00e7\u00e3o da oficina e dos participantes;<\/li>\n<li>O caderno\/livro em sua mat\u00e9ria de objeto e poesia, no passado e no presente;<\/li>\n<li>Apresenta\u00e7\u00e3o de cadernos e suas diversas formas de constru\u00e7\u00e3o;<\/li>\n<li>Materiais, ferramentas e seu manuseio.<\/li>\n<li>Tipos de costuras e acabamentos.<\/li>\n<\/ul>\n<\/li>\n<\/ul>\n<ul>\n<li><strong>Pr\u00e1tica<\/strong>\n<ul>\n<li>&#8211; Confec\u00e7\u00e3o de um \u00e1lbum de fotografias de capa dura revestida com tecido, feito com a costura simples ou borboleta. O \u00e1lbum ter\u00e1 lombada em tecido e papel manteiga entre as p\u00e1ginas;<\/li>\n<li>Confec\u00e7\u00e3o de um caderno de capa de papel, feito com a costura japonesa;<\/li>\n<li>Confec\u00e7\u00e3o de um caderno de capa de papel, com el\u00e1stico e bolsinho interno de papel, feito com a costura correntinha;<\/li>\n<\/ul>\n<\/li>\n<\/ul>\n<h4>P\u00fablico<\/h4>\n<p>Interessados em conhecer o universo da encaderna\u00e7\u00e3o e seus processos artesanais.<\/p>\n<h4>Itens inclusos<\/h4>\n<ul>\n<li>Pap\u00e9is, linhas, agulhas, cola, el\u00e1sticos, tecidos, bot\u00f5es;<\/li>\n<li>Materiais para a\u00a0produ\u00e7\u00e3o de um \u00e1lbum\u00a0de fotografias e dois\u00a0cadernos por\u00a0participante;<\/li>\n<li>Certificado de participa\u00e7\u00e3o.<\/li>\n<li>Coffee Break<\/li>\n<\/ul>\n<h4>Materiais de responsabilidade do participante<\/h4>\n<ul>\n<li>Caso prefira, o participante poder\u00e1 trazer outros pap\u00e9is para confec\u00e7\u00e3o do miolo dos cadernos. Tamb\u00e9m poder\u00e3o trazer tecidos (de algod\u00e3o) de sua prefer\u00eancia para a capa.<\/li>\n<\/ul>\n<h4>Data e hor\u00e1rio<\/h4>\n<p>Dia <strong>18 e 19 de agosto\u00a0<\/strong>(s\u00e1bado e domingo) das 14h00 \u00e0s 18h00.<em><em><br \/>\n<\/em><em>As inscri\u00e7\u00f5es se encerram no dia 14 de agosto \u00e0s 18h30.<\/em><br \/>\n<\/em><\/p>\n<h4>Vagas<\/h4>\n<p>7 vagas.<\/p>\n<h4>Carga hor\u00e1ria<\/h4>\n<p>8\u00a0horas.<\/p>\n<h4><strong>Local<\/strong><\/h4>\n<p><a title=\"Contato\" href=\"http:\/\/www.grafatorio.com\/blog\/index.php\/contato\/\" target=\"_blank\" rel=\"noopener\">Grafat\u00f3rio<\/a>\u00a0\u2219 Avenida Paul Harris, 1575\u00a0\u2219 pr\u00f3ximo ao Aeroporto de Londrina<\/p>\n<h4>Valor<\/h4>\n<p><strong>R$ 190,00<\/strong><br \/>\nem at\u00e9 12\u00a0parcelas no cart\u00e3o de cr\u00e9dito (com juros)<br \/>\n<em>\u2192 R$175,00 para pagamentos \u00e0 vista em dinheiro ou cheque<\/em><\/p>\n<h4>D\u00favidas?<\/h4>\n<p>Envie uma mensagem para <strong>leticia.albanez@gmail.com <\/strong>ou\u00a0<strong>contato@grafatorio.com<\/strong><\/p>\n","protected":false},"excerpt":{"rendered":"<p>em at\u00e9 12\u00a0parcelas no cart\u00e3o de cr\u00e9dito (com juros)<br \/>\n<em>\u2192 R$175,00 para pagamentos \u00e0 vista em dinheiro ou cheque<\/em><\/p>\n<h4>Ministrante<\/h4>\n<p><strong>Let\u00edcia Albanez\u00a0<\/strong><\/p>\n<h4>Descri\u00e7\u00e3o<\/h4>\n<p>A oficina vai abordar princ\u00edpios e t\u00e9cnicas b\u00e1sicas para a produ\u00e7\u00e3o de cadernos artesanais, levando em conta o valor dos processos manuais e seus aspectos criativos e afetivos. Ser\u00e3o apresentados materiais, ferramentas e diversas possibilidades para encaderna\u00e7\u00e3o.<br \/>\nNa parte pr\u00e1tica, cada participante confeccionar\u00e1 dois cadernos, aprendendo a costura simples ou borboleta e a costura tradicional de livro capa dura.<\/p>\n<p><a href=\"#detalhes\">\u2192\u00a0Clique aqui para mais detalhes<\/a><\/p>\n<h4>Data e hor\u00e1rio<\/h4>\n<p>Dia <strong>18 e 19 de agosto\u00a0<\/strong>(s\u00e1bado e domingo) das 14h00 \u00e0s 18h00.<em><br \/>\nAs inscri\u00e7\u00f5es se encerram no dia 14 de agosto \u00e0s 18h30.<\/em><\/p>\n<h4><strong>Local<\/strong><\/h4>\n<p><a title=\"Contato\" href=\"http:\/\/www.grafatorio.com\/blog\/index.php\/contato\/\" target=\"_blank\" rel=\"noopener\">Grafat\u00f3rio<\/a>\u00a0\u2219 Avenida Paul Harris, 1575\u00a0\u2219 pr\u00f3ximo ao Aeroporto de Londrina<\/p>\n<h4>D\u00favidas?<\/h4>\n<p>Envie uma mensagem para <strong>contato@grafatorio.com<\/strong><\/p>\n","protected":false},"featured_media":3103,"template":"","meta":[],"product_brand":[],"product_cat":[22],"product_tag":[],"class_list":{"0":"post-2593","1":"product","2":"type-product","3":"status-publish","4":"has-post-thumbnail","6":"product_cat-atividades","8":"first","9":"outofstock","10":"virtual","11":"sold-individually","12":"purchasable","13":"product-type-simple"},"_links":{"self":[{"href":"https:\/\/grafatorio.com\/site\/wp-json\/wp\/v2\/product\/2593","targetHints":{"allow":["GET"]}}],"collection":[{"href":"https:\/\/grafatorio.com\/site\/wp-json\/wp\/v2\/product"}],"about":[{"href":"https:\/\/grafatorio.com\/site\/wp-json\/wp\/v2\/types\/product"}],"wp:featuredmedia":[{"embeddable":true,"href":"https:\/\/grafatorio.com\/site\/wp-json\/wp\/v2\/media\/3103"}],"wp:attachment":[{"href":"https:\/\/grafatorio.com\/site\/wp-json\/wp\/v2\/media?parent=2593"}],"wp:term":[{"taxonomy":"product_brand","embeddable":true,"href":"https:\/\/grafatorio.com\/site\/wp-json\/wp\/v2\/product_brand?post=2593"},{"taxonomy":"product_cat","embeddable":true,"href":"https:\/\/grafatorio.com\/site\/wp-json\/wp\/v2\/product_cat?post=2593"},{"taxonomy":"product_tag","embeddable":true,"href":"https:\/\/grafatorio.com\/site\/wp-json\/wp\/v2\/product_tag?post=2593"}],"curies":[{"name":"wp","href":"https:\/\/api.w.org\/{rel}","templated":true}]}}