{"id":2266,"date":"2017-12-20T22:00:32","date_gmt":"2017-12-21T00:00:32","guid":{"rendered":"http:\/\/www.grafatorio.com\/blog\/?post_type=product&#038;p=2266"},"modified":"2021-07-21T21:45:20","modified_gmt":"2021-07-22T00:45:20","slug":"gravuras-a-hora-da-lamina","status":"publish","type":"product","link":"https:\/\/grafatorio.com\/site\/produto\/gravuras-a-hora-da-lamina\/","title":{"rendered":"Conjunto de gravuras A Hora da L\u00e2mina &#8211; <br>Jo\u00e3o Ruas"},"content":{"rendered":"<p>O artista Jo\u00e3o Ruas criou uma s\u00e9rie de ilustra\u00e7\u00f5es originais para o livro A Hora da L\u00e2mina, que re\u00fane os \u00faltimos textos publicados em vida por Paulo Leminski. Essas ilustra\u00e7\u00f5es foram impressas em tipografia, resultando neste conjunto de quatro gravuras tipogr\u00e1ficas, numeradas e assinadas por Ruas.<\/p>\n<p>Com tra\u00e7os precisos e econ\u00f4micos, o artista realizou uma releitura da est\u00e9tica <em>ukyio-\u00ea<\/em>, ressignificando tudo em sua pr\u00f3pria po\u00e9tica a partir de elementos japoneses cl\u00e1ssicos. S\u00e3o personagens e ambientes que embaralham refer\u00eancias simb\u00f3licas diversas. Uma interpreta\u00e7\u00e3o livre da mitologia b\u00e9lica leminskiana (que, por si s\u00f3, j\u00e1 \u00e9 radicalmente livre).<\/p>\n<p>O artista paulistano Jo\u00e3o Ruas \u00e9 designer gr\u00e1fico de forma\u00e7\u00e3o e, ap\u00f3s trabalhar em est\u00fadios do Brasil e do Reino Unido, acabou por dedicar-se apenas a seus trabalhos autorais. J\u00e1 realizou cinco exposi\u00e7\u00f5es individuais nos Estados Unidos, al\u00e9m de diversas coletivas em pa\u00edses como Inglaterra, Espanha, China e It\u00e1lia. Jo\u00e3o Ruas tamb\u00e9m j\u00e1 publicou tr\u00eas livros com seus trabalhos: Verso (2016), Yore (2011) e Minion I (2010). Al\u00e9m disso, suas ilustra\u00e7\u00f5es j\u00e1 foram veiculadas em in\u00fameras publica\u00e7\u00f5es como Wired, Playboy (EUA), Vertigo \/ DC Comics, etc.<\/p>\n<p>Para saber mais sobre o artista, acesse: <a href=\"http:\/\/www.joaoruas.com\">www.joaoruas.com<\/a><\/p>\n<p>&nbsp;<\/p>\n","protected":false},"excerpt":{"rendered":"<p><em>Conte\u00fado<\/em>\u20034 gravuras tipogr\u00e1ficas<br \/>\n<em>Tiragem<\/em>\u200350 exemplares, numerados e assinados por Jo\u00e3o Ruas<br \/>\n<em>Papel<\/em>\u2003Canson Edition 250g, 100% algod\u00e3o<br \/>\n<em>Dimens\u00f5es<\/em>\u20032 gravuras 16x24cm e 2 gravuras 32x24cm<\/p>\n","protected":false},"featured_media":2276,"template":"","meta":[],"product_brand":[],"product_cat":[25],"product_tag":[],"class_list":{"0":"post-2266","1":"product","2":"type-product","3":"status-publish","4":"has-post-thumbnail","6":"product_cat-produtos","7":"product_shipping_class-livros","9":"first","10":"outofstock","11":"shipping-taxable","12":"purchasable","13":"product-type-simple"},"_links":{"self":[{"href":"https:\/\/grafatorio.com\/site\/wp-json\/wp\/v2\/product\/2266","targetHints":{"allow":["GET"]}}],"collection":[{"href":"https:\/\/grafatorio.com\/site\/wp-json\/wp\/v2\/product"}],"about":[{"href":"https:\/\/grafatorio.com\/site\/wp-json\/wp\/v2\/types\/product"}],"wp:featuredmedia":[{"embeddable":true,"href":"https:\/\/grafatorio.com\/site\/wp-json\/wp\/v2\/media\/2276"}],"wp:attachment":[{"href":"https:\/\/grafatorio.com\/site\/wp-json\/wp\/v2\/media?parent=2266"}],"wp:term":[{"taxonomy":"product_brand","embeddable":true,"href":"https:\/\/grafatorio.com\/site\/wp-json\/wp\/v2\/product_brand?post=2266"},{"taxonomy":"product_cat","embeddable":true,"href":"https:\/\/grafatorio.com\/site\/wp-json\/wp\/v2\/product_cat?post=2266"},{"taxonomy":"product_tag","embeddable":true,"href":"https:\/\/grafatorio.com\/site\/wp-json\/wp\/v2\/product_tag?post=2266"}],"curies":[{"name":"wp","href":"https:\/\/api.w.org\/{rel}","templated":true}]}}