{"id":2176,"date":"2017-09-27T19:54:38","date_gmt":"2017-09-27T19:54:38","guid":{"rendered":"http:\/\/www.grafatorio.com\/blog\/index.php\/produto\/mulheres-na-arte-corpo-memoria-e-aproximacoes\/"},"modified":"2017-09-27T19:54:38","modified_gmt":"2017-09-27T19:54:38","slug":"mulheres-na-arte-corpo-memoria-e-aproximacoes-2","status":"publish","type":"product","link":"https:\/\/grafatorio.com\/site\/produto\/mulheres-na-arte-corpo-memoria-e-aproximacoes-2\/","title":{"rendered":"Mulheres na arte: corpo, mem\u00f3ria e aproxima\u00e7\u00f5es"},"content":{"rendered":"<p><a name=\"detalhes\"><\/a><\/p>\n<h3>Mulheres na arte: corpo, mem\u00f3ria e aproxima\u00e7\u00f5es<\/h3>\n<h4>Ministrante<\/h4>\n<p><span style=\"color: #000000;\"><strong>Lu Renata<\/strong><\/span>\u00a0\u00e9 artista, pesquisadora e professora. Doutoranda no Programa de P\u00f3s-gradua\u00e7\u00e3o em Artes Visuais, na linha de pesquisa: Processos Art\u00edsticos Contempor\u00e2neos \u00a0UDESC &#8211; Florian\u00f3polis. Ministra regularmente cursos e oficinas de artes e fotografia. Atualmente desenvolve pesquisas no campo da fotografia contempor\u00e2nea.<\/p>\n<p><a href=\"https:\/\/www.facebook.com\/eduardogonzaleztripp\" target=\"_blank\" rel=\"noopener\">facebook.com\/lurenata.silva.9<br \/>\n<\/a><\/p>\n<h4>Descri\u00e7\u00e3o<\/h4>\n<p>O minicurso apresenta-se como uma contribui\u00e7\u00e3o para os estudos feministas contempor\u00e2neos. Atrav\u00e9s do conhecimento e valoriza\u00e7\u00e3o de artistas mulheres no campo das artes visuais, buscaremos perceber o modo pelo qual discursos patriarcais forjaram protagonismos, influenciaram as constru\u00e7\u00f5es ideol\u00f3gicas machistas e destinaram um lugar secund\u00e1rio, quando n\u00e3o invisibilizado para as mulheres na arte.<\/p>\n<h4>Conte\u00fado<\/h4>\n<ul>\n<li>Contextos culturais, pol\u00edticos e ideol\u00f3gicos de produ\u00e7\u00e3o.<\/li>\n<li>Modos de operar na arte contempor\u00e2nea.<\/li>\n<li>Apresenta\u00e7\u00e3o de refer\u00eancias como: Rosana Paulino, Cris Bierrenbach, Ana Mendieta, Gerda Taro, Zanele Muhole.<\/li>\n<\/ul>\n<p><span style=\"color: #000000;\"><strong>Material solicitado<\/strong><\/span><\/p>\n<ul>\n<li>uma fotografia impressa.<\/li>\n<\/ul>\n<h4>\u00a0Itens inclusos<\/h4>\n<ul>\n<li>Coffee break;<\/li>\n<li>Certificado de participa\u00e7\u00e3o.<\/li>\n<\/ul>\n<h4>Carga hor\u00e1ria<\/h4>\n<p>4\u00a0horas.<\/p>\n<h4>Vagas<\/h4>\n<p>13<\/p>\n<h4>Data e hor\u00e1rio<\/h4>\n<p>Dia <strong>04 de outubro\u00a0<\/strong>(quarta-feira) das 18h30 \u00e0s 22h30.<br \/>\n<em>As inscri\u00e7\u00f5es para essa atividade se encerram no dia 03\u00a0de outubro \u00e0s 18h.<\/em><\/p>\n<h4>Local<\/h4>\n<p><a title=\"Contato\" href=\"http:\/\/www.grafatorio.com\/blog\/index.php\/contato\/\" target=\"_blank\" rel=\"noopener\">Grafat\u00f3rio<\/a>\u00a0\u2219 Avenida Paul Harris, 1575\u00a0\u2219 pr\u00f3ximo ao Aeroporto de Londrina<\/p>\n<h4>Valor<\/h4>\n<p><del><\/del><strong>R$70,00<\/strong><br \/>\nem at\u00e9 12\u00a0parcela\u00a0no cart\u00e3o de cr\u00e9dito (com juros)<br \/>\n<em>\u2192 R$65,00 para pagamentos \u00e0 vista em dinheiro ou cheque<\/em><\/p>\n<h4>D\u00favidas?<\/h4>\n<p>Envie uma mensagem para\u00a0<strong>contato@grafatorio.com<\/strong><\/p>\n","protected":false},"excerpt":{"rendered":"<p><em>em at\u00e9 12\u00a0parcela\u00a0no cart\u00e3o de cr\u00e9dito (com juros)<br \/>\n<em>\u2192 R$65,00 para pagamentos \u00e0 vista em dinheiro ou cheque<\/em><\/em><\/p>\n<h4>Ministrante<\/h4>\n<p>Lu Renata<\/p>\n<h4>Descri\u00e7\u00e3o<\/h4>\n<p>O minicurso apresenta-se como uma contribui\u00e7\u00e3o para os estudos feministas contempor\u00e2neos. Atrav\u00e9s do conhecimento e valoriza\u00e7\u00e3o de artistas mulheres no campo das artes visuais, buscaremos perceber o modo pelo qual discursos patriarcais forjaram protagonismos, influenciaram as constru\u00e7\u00f5es ideol\u00f3gicas machistas e destinaram um lugar secund\u00e1rio, quando n\u00e3o invisibilizado para as mulheres na arte.<\/p>\n<p><a href=\"#detalhes\">\u2192\u00a0Clique aqui para mais detalhes<\/a><\/p>\n<h4>Data e hor\u00e1rio<\/h4>\n<p><em><em>Dia <strong>04 de outubro\u00a0<\/strong>(quarta-feira) das 18h30 \u00e0s 22h30.<br \/>\n<em>As inscri\u00e7\u00f5es para essa atividade se encerram no dia 03\u00a0de outubro \u00e0s 18h<\/em><\/em><\/em><\/p>\n<h4>Local<\/h4>\n<p><a title=\"Contato\" href=\"http:\/\/www.grafatorio.com\/blog\/index.php\/contato\/\" target=\"_blank\" rel=\"noopener\">Grafat\u00f3rio<\/a>\u00a0\u2219 Avenida Paul Harris, 1575\u00a0\u2219 pr\u00f3ximo ao Aeroporto de Londrina<\/p>\n<h4>D\u00favidas?<\/h4>\n<p>Envie uma mensagem para\u00a0<strong>contato@grafatorio.com<\/strong><\/p>\n","protected":false},"featured_media":2188,"template":"","meta":[],"product_brand":[],"product_cat":[22],"product_tag":[],"class_list":{"0":"post-2176","1":"product","2":"type-product","3":"status-publish","4":"has-post-thumbnail","6":"product_cat-atividades","8":"first","9":"outofstock","10":"virtual","11":"sold-individually","12":"purchasable","13":"product-type-simple"},"_links":{"self":[{"href":"https:\/\/grafatorio.com\/site\/wp-json\/wp\/v2\/product\/2176","targetHints":{"allow":["GET"]}}],"collection":[{"href":"https:\/\/grafatorio.com\/site\/wp-json\/wp\/v2\/product"}],"about":[{"href":"https:\/\/grafatorio.com\/site\/wp-json\/wp\/v2\/types\/product"}],"wp:featuredmedia":[{"embeddable":true,"href":"https:\/\/grafatorio.com\/site\/wp-json\/wp\/v2\/media\/2188"}],"wp:attachment":[{"href":"https:\/\/grafatorio.com\/site\/wp-json\/wp\/v2\/media?parent=2176"}],"wp:term":[{"taxonomy":"product_brand","embeddable":true,"href":"https:\/\/grafatorio.com\/site\/wp-json\/wp\/v2\/product_brand?post=2176"},{"taxonomy":"product_cat","embeddable":true,"href":"https:\/\/grafatorio.com\/site\/wp-json\/wp\/v2\/product_cat?post=2176"},{"taxonomy":"product_tag","embeddable":true,"href":"https:\/\/grafatorio.com\/site\/wp-json\/wp\/v2\/product_tag?post=2176"}],"curies":[{"name":"wp","href":"https:\/\/api.w.org\/{rel}","templated":true}]}}

Mulheres na arte: corpo, memória e aproximações

<p><a name="detalhes"></a></p>
<h3>Mulheres na arte: corpo, memória e aproximações</h3>
<h4>Ministrante</h4>
<p><span style="color: #000000;"><strong>Lu Renata</strong></span> é artista, pesquisadora e professora. Doutoranda no Programa de Pós-graduação em Artes Visuais, na linha de pesquisa: Processos Artísticos Contemporâneos  UDESC &#8211; Florianópolis. Ministra regularmente cursos e oficinas de artes e fotografia. Atualmente desenvolve pesquisas no campo da fotografia contemporânea.</p>
<p><a href="https://www.facebook.com/eduardogonzaleztripp" target="_blank" rel="noopener">facebook.com/lurenata.silva.9<br />
</a></p>
<h4>Descrição</h4>
<p>O minicurso apresenta-se como uma contribuição para os estudos feministas contemporâneos. Através do conhecimento e valorização de artistas mulheres no campo das artes visuais, buscaremos perceber o modo pelo qual discursos patriarcais forjaram protagonismos, influenciaram as construções ideológicas machistas e destinaram um lugar secundário, quando não invisibilizado para as mulheres na arte.</p>
<h4>Conteúdo</h4>
<ul>
<li>Contextos culturais, políticos e ideológicos de produção.</li>
<li>Modos de operar na arte contemporânea.</li>
<li>Apresentação de referências como: Rosana Paulino, Cris Bierrenbach, Ana Mendieta, Gerda Taro, Zanele Muhole.</li>
</ul>
<p><span style="color: #000000;"><strong>Material solicitado</strong></span></p>
<ul>
<li>uma fotografia impressa.</li>
</ul>
<h4> Itens inclusos</h4>
<ul>
<li>Coffee break;</li>
<li>Certificado de participação.</li>
</ul>
<h4>Carga horária</h4>
<p>4 horas.</p>
<h4>Vagas</h4>
<p>13</p>
<h4>Data e horário</h4>
<p>Dia <strong>04 de outubro </strong>(quarta-feira) das 18h30 às 22h30.<br />
<em>As inscrições para essa atividade se encerram no dia 03 de outubro às 18h.</em></p>
<h4>Local</h4>
<p><a title="Contato" href="http://www.grafatorio.com/blog/index.php/contato/" target="_blank" rel="noopener">Grafatório</a> ∙ Avenida Paul Harris, 1575 ∙ próximo ao Aeroporto de Londrina</p>
<h4>Valor</h4>
<p><del></del><strong>R$70,00</strong><br />
em até 12 parcela no cartão de crédito (com juros)<br />
<em>→ R$65,00 para pagamentos à vista em dinheiro ou cheque</em></p>
<h4>Dúvidas?</h4>
<p>Envie uma mensagem para <strong>contato@grafatorio.com</strong></p>

<p><em>em até 12 parcela no cartão de crédito (com juros)<br />
<em>→ R$65,00 para pagamentos à vista em dinheiro ou cheque</em></em></p>
<h4>Ministrante</h4>
<p>Lu Renata</p>
<h4>Descrição</h4>
<p>O minicurso apresenta-se como uma contribuição para os estudos feministas contemporâneos. Através do conhecimento e valorização de artistas mulheres no campo das artes visuais, buscaremos perceber o modo pelo qual discursos patriarcais forjaram protagonismos, influenciaram as construções ideológicas machistas e destinaram um lugar secundário, quando não invisibilizado para as mulheres na arte.</p>
<p><a href="#detalhes">→ Clique aqui para mais detalhes</a></p>
<h4>Data e horário</h4>
<p><em><em>Dia <strong>04 de outubro </strong>(quarta-feira) das 18h30 às 22h30.<br />
<em>As inscrições para essa atividade se encerram no dia 03 de outubro às 18h</em></em></em></p>
<h4>Local</h4>
<p><a title="Contato" href="http://www.grafatorio.com/blog/index.php/contato/" target="_blank" rel="noopener">Grafatório</a> ∙ Avenida Paul Harris, 1575 ∙ próximo ao Aeroporto de Londrina</p>
<h4>Dúvidas?</h4>
<p>Envie uma mensagem para <strong>contato@grafatorio.com</strong></p>
