{"id":2094,"date":"2016-08-03T17:51:03","date_gmt":"2016-08-03T17:51:03","guid":{"rendered":"http:\/\/www.grafatorio.com\/blog\/index.php\/produto\/cadernos-artesanais-16\/"},"modified":"2016-08-03T17:51:03","modified_gmt":"2016-08-03T17:51:03","slug":"cadernos-ago16","status":"publish","type":"product","link":"https:\/\/grafatorio.com\/site\/produto\/cadernos-ago16\/","title":{"rendered":"Cadernos Artesanais"},"content":{"rendered":"<p><a name=\"detalhes\"><\/a><\/p>\n<h4>Ministrante<\/h4>\n<p><strong>Let\u00edcia Albanez\u00a0<\/strong>\u00a0formou-se em Artes Visuais no ano de 2010 e em 2011 realizou p\u00f3s-gradua\u00e7\u00e3o em Fotografia, ambas na UEL (Universidade Estadual de Londrina\/PR). Interessada por trabalhos art\u00edsticos e processos artesanais, em 2012 criou a Levemeleve, onde al\u00e9m de produzir objetos como cadernos e \u00e1lbuns de fotografias, desenvolve projeto de livros, portf\u00f3lios e cadernos de artistas. Atualmente \u00e9 uma das s\u00f3cias da Casa Mad\u00e1 &#8211; Ateli\u00ea Coletivo, espa\u00e7o multicultural de Londrina que recebe artistas e acolhe trabalhos de artes, roupas, feiras, leil\u00f5es etc.<\/p>\n<p><a href=\"https:\/\/www.facebook.com\/levemeleve\" target=\"_blank\">facebook.com\/levemeleve<\/a><\/p>\n<h4>Descri\u00e7\u00e3o<\/h4>\n<p>A oficina vai abordar princ\u00edpios e t\u00e9cnicas b\u00e1sicas para a produ\u00e7\u00e3o de cadernos artesanais, levando em conta o valor dos processos manuais e seus aspectos criativos e afetivos.<br \/>\nSer\u00e3o apresentados materiais, ferramentas e diversas possibilidades para encaderna\u00e7\u00e3o.<br \/>\nNa parte pr\u00e1tica, cada participante confeccionar\u00e1 dois cadernos, aprendendo a costura simples ou borboleta e a costura tradicional de livro capa dura.<\/p>\n<h4>Conte\u00fado<\/h4>\n<ul>\n<li><strong>Introdu\u00e7\u00e3o<\/strong>\n<ul>\n<li>Apresenta\u00e7\u00e3o da oficina e dos participantes;<\/li>\n<li>O caderno\/livro em sua mat\u00e9ria de objeto e poesia, no passado e no presente;<\/li>\n<li>Apresenta\u00e7\u00e3o de cadernos e suas diversas formas de constru\u00e7\u00e3o;<\/li>\n<li>Materiais, ferramentas e seu manuseio.<\/li>\n<\/ul>\n<\/li>\n<\/ul>\n<ul>\n<li><strong>Pr\u00e1tica<\/strong>\n<ul>\n<li>Confec\u00e7\u00e3o de um caderno de capa mole (papel), com el\u00e1stico e bolsinho interno feito com a costura simples ou borboleta;<\/li>\n<li>Confec\u00e7\u00e3o de um <span class=\"_5yl5\"> caderno com costura tradicional de livro capa dura<\/span>.<\/li>\n<\/ul>\n<\/li>\n<\/ul>\n<h4>P\u00fablico<\/h4>\n<p>Interessados em conhecer o universo da encaderna\u00e7\u00e3o e seus processos artesanais.<\/p>\n<h4>Itens inclusos<\/h4>\n<ul>\n<li>Pap\u00e9is, linhas, agulhas, cola, el\u00e1sticos, ilh\u00f3s, tecidos, bot\u00f5es;<\/li>\n<li>Material para a constru\u00e7\u00e3o de dois cadernos;<\/li>\n<li>Certificado de participa\u00e7\u00e3o.<\/li>\n<li>Coffee Break<\/li>\n<\/ul>\n<h4>Materiais de responsabilidade do participante<\/h4>\n<ul>\n<li>Caso prefira, o\u00a0participante poder\u00e1 trazer outros pap\u00e9is para o miolo dos cadernos\u00a0e tecidos para a capa.<\/li>\n<\/ul>\n<h4>Data e hor\u00e1rio<\/h4>\n<p>Dia <strong>15 e 16 de setembro <\/strong>(quinta e sexta) das 18h30 \u00e0s 22h30.<em><em><br \/>\n<\/em><em>As inscri\u00e7\u00f5es se encerram no dia 14 de setembro \u00e0s 18h30.<\/em><br \/>\n<\/em><\/p>\n<h4>Vagas<\/h4>\n<p>8 vagas.<\/p>\n<h4>Carga hor\u00e1ria<\/h4>\n<p>8\u00a0horas.<\/p>\n<h4><strong>Local<\/strong><\/h4>\n<p><a title=\"Contato\" href=\"http:\/\/www.grafatorio.com\/blog\/index.php\/contato\/\" target=\"_blank\">Grafat\u00f3rio<\/a>\u00a0\u2219 Avenida Paul Harris, 1575\u00a0\u2219 pr\u00f3ximo ao Aeroporto de Londrina<\/p>\n<h4>Valor<\/h4>\n<p><strong>R$ 180,00<\/strong><br \/>\nem at\u00e9 12\u00a0parcelas no cart\u00e3o de cr\u00e9dito (com juros)<br \/>\n<em>\u2192 R$165,00 para pagamentos \u00e0 vista em dinheiro ou cheque<\/em><\/p>\n<h4>D\u00favidas?<\/h4>\n<p>Envie uma mensagem para <strong>leticia.albanez@gmail.com <\/strong>ou\u00a0<strong>contato@grafatorio.com<\/strong><\/p>\n","protected":false},"excerpt":{"rendered":"<p>em at\u00e9 12\u00a0parcelas no cart\u00e3o de cr\u00e9dito (com juros)<br \/>\n<em>\u2192 R$165,00 para pagamentos \u00e0 vista em dinheiro ou cheque<\/em><\/p>\n<h4>Ministrante<\/h4>\n<p><strong>Let\u00edcia Albanez\u00a0<\/strong><\/p>\n<h4>Descri\u00e7\u00e3o<\/h4>\n<p>A oficina vai abordar princ\u00edpios e t\u00e9cnicas b\u00e1sicas para a produ\u00e7\u00e3o de cadernos artesanais, levando em conta o valor dos processos manuais e seus aspectos criativos e afetivos. Ser\u00e3o apresentados materiais, ferramentas e diversas possibilidades para encaderna\u00e7\u00e3o.<br \/>\nNa parte pr\u00e1tica, cada participante confeccionar\u00e1 dois cadernos, aprendendo a costura simples ou borboleta e a costura tradicional de livro capa dura.<\/p>\n<p><a href=\"#detalhes\">\u2192\u00a0Clique aqui para mais detalhes<\/a><\/p>\n<h4>Data e hor\u00e1rio<\/h4>\n<p><em>Dia <strong>15 e 16 de setembro <\/strong>(quinta e sexta) das 18h30 \u00e0s 22h30.<em><em><br \/>\n<\/em>As inscri\u00e7\u00f5es se encerram no dia 14\u00a0de setemebro \u00e0s 18h30.<br \/>\n<\/em><\/em><\/p>\n<h4><strong>Local<\/strong><\/h4>\n<p><a title=\"Contato\" href=\"http:\/\/www.grafatorio.com\/blog\/index.php\/contato\/\" target=\"_blank\">Grafat\u00f3rio<\/a>\u00a0\u2219 Avenida Paul Harris, 1575\u00a0\u2219 pr\u00f3ximo ao Aeroporto de Londrina<\/p>\n<h4>D\u00favidas?<\/h4>\n<p>Envie uma mensagem para <strong>contato@grafatorio.com<\/strong><\/p>\n","protected":false},"featured_media":2117,"template":"","meta":[],"product_brand":[],"product_cat":[22],"product_tag":[],"class_list":{"0":"post-2094","1":"product","2":"type-product","3":"status-publish","4":"has-post-thumbnail","6":"product_cat-atividades","8":"first","9":"outofstock","10":"virtual","11":"sold-individually","12":"purchasable","13":"product-type-simple"},"_links":{"self":[{"href":"https:\/\/grafatorio.com\/site\/wp-json\/wp\/v2\/product\/2094","targetHints":{"allow":["GET"]}}],"collection":[{"href":"https:\/\/grafatorio.com\/site\/wp-json\/wp\/v2\/product"}],"about":[{"href":"https:\/\/grafatorio.com\/site\/wp-json\/wp\/v2\/types\/product"}],"wp:featuredmedia":[{"embeddable":true,"href":"https:\/\/grafatorio.com\/site\/wp-json\/wp\/v2\/media\/2117"}],"wp:attachment":[{"href":"https:\/\/grafatorio.com\/site\/wp-json\/wp\/v2\/media?parent=2094"}],"wp:term":[{"taxonomy":"product_brand","embeddable":true,"href":"https:\/\/grafatorio.com\/site\/wp-json\/wp\/v2\/product_brand?post=2094"},{"taxonomy":"product_cat","embeddable":true,"href":"https:\/\/grafatorio.com\/site\/wp-json\/wp\/v2\/product_cat?post=2094"},{"taxonomy":"product_tag","embeddable":true,"href":"https:\/\/grafatorio.com\/site\/wp-json\/wp\/v2\/product_tag?post=2094"}],"curies":[{"name":"wp","href":"https:\/\/api.w.org\/{rel}","templated":true}]}}

<p><a name="detalhes"></a></p>
<h4>Ministrante</h4>
<p><strong>Letícia Albanez </strong> formou-se em Artes Visuais no ano de 2010 e em 2011 realizou pós-graduação em Fotografia, ambas na UEL (Universidade Estadual de Londrina/PR). Interessada por trabalhos artísticos e processos artesanais, em 2012 criou a Levemeleve, onde além de produzir objetos como cadernos e álbuns de fotografias, desenvolve projeto de livros, portfólios e cadernos de artistas. Atualmente é uma das sócias da Casa Madá &#8211; Ateliê Coletivo, espaço multicultural de Londrina que recebe artistas e acolhe trabalhos de artes, roupas, feiras, leilões etc.</p>
<p><a href="https://www.facebook.com/levemeleve" target="_blank">facebook.com/levemeleve</a></p>
<h4>Descrição</h4>
<p>A oficina vai abordar princípios e técnicas básicas para a produção de cadernos artesanais, levando em conta o valor dos processos manuais e seus aspectos criativos e afetivos.<br />
Serão apresentados materiais, ferramentas e diversas possibilidades para encadernação.<br />
Na parte prática, cada participante confeccionará dois cadernos, aprendendo a costura simples ou borboleta e a costura tradicional de livro capa dura.</p>
<h4>Conteúdo</h4>
<ul>
<li><strong>Introdução</strong>
<ul>
<li>Apresentação da oficina e dos participantes;</li>
<li>O caderno/livro em sua matéria de objeto e poesia, no passado e no presente;</li>
<li>Apresentação de cadernos e suas diversas formas de construção;</li>
<li>Materiais, ferramentas e seu manuseio.</li>
</ul>
</li>
</ul>
<ul>
<li><strong>Prática</strong>
<ul>
<li>Confecção de um caderno de capa mole (papel), com elástico e bolsinho interno feito com a costura simples ou borboleta;</li>
<li>Confecção de um <span class="_5yl5"> caderno com costura tradicional de livro capa dura</span>.</li>
</ul>
</li>
</ul>
<h4>Público</h4>
<p>Interessados em conhecer o universo da encadernação e seus processos artesanais.</p>
<h4>Itens inclusos</h4>
<ul>
<li>Papéis, linhas, agulhas, cola, elásticos, ilhós, tecidos, botões;</li>
<li>Material para a construção de dois cadernos;</li>
<li>Certificado de participação.</li>
<li>Coffee Break</li>
</ul>
<h4>Materiais de responsabilidade do participante</h4>
<ul>
<li>Caso prefira, o participante poderá trazer outros papéis para o miolo dos cadernos e tecidos para a capa.</li>
</ul>
<h4>Data e horário</h4>
<p>Dia <strong>15 e 16 de setembro </strong>(quinta e sexta) das 18h30 às 22h30.<em><em><br />
</em><em>As inscrições se encerram no dia 14 de setembro às 18h30.</em><br />
</em></p>
<h4>Vagas</h4>
<p>8 vagas.</p>
<h4>Carga horária</h4>
<p>8 horas.</p>
<h4><strong>Local</strong></h4>
<p><a title="Contato" href="http://www.grafatorio.com/blog/index.php/contato/" target="_blank">Grafatório</a> ∙ Avenida Paul Harris, 1575 ∙ próximo ao Aeroporto de Londrina</p>
<h4>Valor</h4>
<p><strong>R$ 180,00</strong><br />
em até 12 parcelas no cartão de crédito (com juros)<br />
<em>→ R$165,00 para pagamentos à vista em dinheiro ou cheque</em></p>
<h4>Dúvidas?</h4>
<p>Envie uma mensagem para <strong>leticia.albanez@gmail.com </strong>ou <strong>contato@grafatorio.com</strong></p>

<p>em até 12 parcelas no cartão de crédito (com juros)<br />
<em>→ R$165,00 para pagamentos à vista em dinheiro ou cheque</em></p>
<h4>Ministrante</h4>
<p><strong>Letícia Albanez </strong></p>
<h4>Descrição</h4>
<p>A oficina vai abordar princípios e técnicas básicas para a produção de cadernos artesanais, levando em conta o valor dos processos manuais e seus aspectos criativos e afetivos. Serão apresentados materiais, ferramentas e diversas possibilidades para encadernação.<br />
Na parte prática, cada participante confeccionará dois cadernos, aprendendo a costura simples ou borboleta e a costura tradicional de livro capa dura.</p>
<p><a href="#detalhes">→ Clique aqui para mais detalhes</a></p>
<h4>Data e horário</h4>
<p><em>Dia <strong>15 e 16 de setembro </strong>(quinta e sexta) das 18h30 às 22h30.<em><em><br />
</em>As inscrições se encerram no dia 14 de setemebro às 18h30.<br />
</em></em></p>
<h4><strong>Local</strong></h4>
<p><a title="Contato" href="http://www.grafatorio.com/blog/index.php/contato/" target="_blank">Grafatório</a> ∙ Avenida Paul Harris, 1575 ∙ próximo ao Aeroporto de Londrina</p>
<h4>Dúvidas?</h4>
<p>Envie uma mensagem para <strong>contato@grafatorio.com</strong></p>
