{"id":1855,"date":"2015-07-09T16:43:10","date_gmt":"2015-07-09T16:43:10","guid":{"rendered":"http:\/\/www.grafatorio.com\/blog\/index.php\/produto\/graficozinha-jul15\/"},"modified":"2015-07-09T16:43:10","modified_gmt":"2015-07-09T16:43:10","slug":"graficozinha-jul15","status":"publish","type":"product","link":"https:\/\/grafatorio.com\/site\/produto\/graficozinha-jul15\/","title":{"rendered":"GrafiCozinha de F\u00e9rias"},"content":{"rendered":"<p><a name=\"detalhes\"><\/a><\/p>\n<h3>GrafiCozinha de F\u00e9rias<\/h3>\n<h4>Ministrantes<\/h4>\n<p><strong>Raissa Maciel<\/strong> e <strong>Nat\u00e1lia Balarotti<\/strong> s\u00e3o duas amigas que resolveram se juntar para fazer algo que gostam muito: doces. Entre cursos, leituras e experimenta\u00e7\u00f5es na cozinha, as duas desenvolvem sabores que instigam o paladar dos mais conservadores, explorando tamb\u00e9m a mem\u00f3ria gustativa que todos carregamos. Raissa e Nat\u00e1lia fazem suas cria\u00e7\u00f5es circularem trabalhando com encomendas e participando de eventos gastron\u00f4micos.<\/p>\n<h4>Descri\u00e7\u00e3o<\/h4>\n<p>O mini-curso <strong>GrafiCozinha de F\u00e9rias<\/strong> vai reunir a crian\u00e7ada para botar a m\u00e3o na massa! Ao longo da semana, as crian\u00e7as v\u00e3o estampar seus pr\u00f3prios aventais e aprender a fazer um monte de gostosuras. Quem participar vai aprender sobre princ\u00edpios b\u00e1sicos da cozinha, como cuidados com a higiene e com a seguran\u00e7a. Al\u00e9m, \u00e9 claro, de se divertir com novos amigos e se deliciar com novos sabores!<\/p>\n<p>(para crian\u00e7as de 4 a 10 anos)<\/p>\n<h4 align=\"JUSTIFY\">Conte\u00fado<\/h4>\n<ul>\n<li>1\u00ba dia:\u00a0Produ\u00e7\u00e3o e cria\u00e7\u00e3o dos aventais;<\/li>\n<li>2\u00ba dia: Pancakes e chocolate quente de verdade;<\/li>\n<li>3\u00ba dia: Massa choux;<\/li>\n<li>4\u00ba dia: Bolachas recheadas;<\/li>\n<li>5\u00ba dia: Mini naked cake.<\/li>\n<\/ul>\n<h4>Materiais<\/h4>\n<ul>\n<li>Inclusos na inscri\u00e7\u00e3o: avental, touca, colher de pau, caderninho de receitas e ingredientes necess\u00e1rios para o desenvolvimento das receitas.<\/li>\n<li>Trazer tupperware pequeno para levar os quitutes embora!<\/li>\n<\/ul>\n<h4>Carga hor\u00e1ria<\/h4>\n<p>20\u00a0horas.<\/p>\n<h4>Vagas<\/h4>\n<p>9<\/p>\n<h4>Data e hor\u00e1rio<\/h4>\n<p>Dias\u00a0<strong>20 a 24\u00a0de julho <\/strong>das 14h \u00e0s 18h.<br \/>\n<em>As inscri\u00e7\u00f5es para essa atividade se encerram no dia 17\u00a0de julho\u00a0\u00e0s 18h30.<\/em><\/p>\n<h4>Local<\/h4>\n<p><a title=\"Contato\" href=\"http:\/\/www.grafatorio.com\/blog\/index.php\/contato\/\" target=\"_blank\">Grafat\u00f3rio<\/a>\u00a0\u2219 Avenida Paul Harris, 1575\u00a0\u2219 pr\u00f3ximo ao Aeroporto de Londrina<\/p>\n<h4>Valor<\/h4>\n<p><del><\/del><strong>R$255,00<\/strong><br \/>\nem at\u00e9 12\u00a0parcelas no cart\u00e3o de cr\u00e9dito (com juros)<br \/>\n<em>\u2192 R$235,00 para pagamentos \u00e0 vista em dinheiro ou cheque<\/em><\/p>\n<h4>D\u00favidas?<\/h4>\n<p>Envie uma mensagem para\u00a0<strong>contato@grafatorio.com<\/strong><\/p>\n","protected":false},"excerpt":{"rendered":"<p>em at\u00e9 12\u00a0parcelas no cart\u00e3o de cr\u00e9dito (com juros)<br \/>\n<em>\u2192 R$235,00 para pagamentos \u00e0 vista em dinheiro ou cheque<\/em><\/p>\n<h4>Ministrantes<\/h4>\n<p><strong>Raissa Maciel<\/strong>\u00a0e\u00a0<strong>Nat\u00e1lia Balarotti<\/strong><\/p>\n<h4>Descri\u00e7\u00e3o<\/h4>\n<p>O mini-curso\u00a0<strong>GrafiCozinha de F\u00e9rias vai reunir<\/strong>\u00a0a crian\u00e7ada para botar a m\u00e3o na massa! Ao longo da semana, as crian\u00e7as v\u00e3o estampar seus pr\u00f3prios aventais e aprender a fazer um monte de gostosuras. Quem participar vai aprender sobre princ\u00edpios b\u00e1sicos da cozinha, como cuidados com a higiene e com a seguran\u00e7a. Al\u00e9m, \u00e9 claro, de se divertir com novos amigos e se deliciar com novos sabores!<\/p>\n<p>(para crian\u00e7as de 4 a 10 anos)<\/p>\n<p><a href=\"#detalhes\">\u2192\u00a0Clique aqui para mais detalhes<\/a><\/p>\n<h4>Data e hor\u00e1rio<\/h4>\n<p>Dias\u00a0<strong>20 a 24\u00a0de julho\u00a0<\/strong>das 14h \u00e0s 18h.<br \/>\n<em>As inscri\u00e7\u00f5es para essa atividade se encerram no dia 17\u00a0de julho\u00a0\u00e0s 18h30.<\/em><\/p>\n<h4>Local<\/h4>\n<p><a title=\"Contato\" href=\"http:\/\/www.grafatorio.com\/blog\/index.php\/contato\/\" target=\"_blank\">Grafat\u00f3rio<\/a>\u00a0\u2219 Avenida Paul Harris, 1575\u00a0\u2219 pr\u00f3ximo ao Aeroporto de Londrina<\/p>\n<h4>D\u00favidas?<\/h4>\n<p>Envie uma mensagem para\u00a0<strong>contato@grafatorio.com<\/strong><\/p>\n","protected":false},"featured_media":1862,"template":"","meta":[],"product_brand":[],"product_cat":[22],"product_tag":[],"class_list":{"0":"post-1855","1":"product","2":"type-product","3":"status-publish","4":"has-post-thumbnail","6":"product_cat-atividades","8":"first","9":"outofstock","10":"featured","11":"virtual","12":"sold-individually","13":"purchasable","14":"product-type-simple"},"_links":{"self":[{"href":"https:\/\/grafatorio.com\/site\/wp-json\/wp\/v2\/product\/1855","targetHints":{"allow":["GET"]}}],"collection":[{"href":"https:\/\/grafatorio.com\/site\/wp-json\/wp\/v2\/product"}],"about":[{"href":"https:\/\/grafatorio.com\/site\/wp-json\/wp\/v2\/types\/product"}],"wp:featuredmedia":[{"embeddable":true,"href":"https:\/\/grafatorio.com\/site\/wp-json\/wp\/v2\/media\/1862"}],"wp:attachment":[{"href":"https:\/\/grafatorio.com\/site\/wp-json\/wp\/v2\/media?parent=1855"}],"wp:term":[{"taxonomy":"product_brand","embeddable":true,"href":"https:\/\/grafatorio.com\/site\/wp-json\/wp\/v2\/product_brand?post=1855"},{"taxonomy":"product_cat","embeddable":true,"href":"https:\/\/grafatorio.com\/site\/wp-json\/wp\/v2\/product_cat?post=1855"},{"taxonomy":"product_tag","embeddable":true,"href":"https:\/\/grafatorio.com\/site\/wp-json\/wp\/v2\/product_tag?post=1855"}],"curies":[{"name":"wp","href":"https:\/\/api.w.org\/{rel}","templated":true}]}}