{"id":1756,"date":"2016-04-13T14:48:51","date_gmt":"2016-04-13T14:48:51","guid":{"rendered":"http:\/\/www.grafatorio.com\/blog\/index.php\/produto\/caligrafia-para-iniciantes-2\/"},"modified":"2016-04-13T14:48:51","modified_gmt":"2016-04-13T14:48:51","slug":"caligrafia-para-iniciantes-mai16","status":"publish","type":"product","link":"https:\/\/grafatorio.com\/site\/produto\/caligrafia-para-iniciantes-mai16\/","title":{"rendered":"Caligrafia para iniciantes"},"content":{"rendered":"<p><a name=\"detalhes\"><\/a><\/p>\n<h4>Ministrante<\/h4>\n<p><strong>Diogo Blanco<\/strong> formou-se em Design Gr\u00e1fico na UEL (Universidade Estadual de Londrina\/PR) no ano de 2005. Pratica caligrafia desde 2008. \u00c9 co-fundador e diretor da associa\u00e7\u00e3o cultural Grafat\u00f3rio.<\/p>\n<address><a href=\"http:\/\/cargocollective.com\/diogoblanco\" target=\"_blank\">diogoblanco.com<\/a><br \/>\n<a href=\"http:\/\/www.instagram.com\/dxblanco\" target=\"_blank\">instagram.com\/dxblanco<\/a><\/address>\n<address><a href=\"http:\/\/www.facebook.com\/dblanco83\" target=\"_blank\">facebook.com\/dblanco83<\/a><\/address>\n<p>&nbsp;<\/p>\n<h4>Descri\u00e7\u00e3o<\/h4>\n<p>O curso de <strong>Caligrafia para iniciantes<\/strong> tem como objetivo o aprendizado do alfabeto fundamental de pena quadrada bem como a introdu\u00e7\u00e3o te\u00f3rica e pr\u00e1tica ao universo da arte da caligrafia.<\/p>\n<h4>Conte\u00fado<\/h4>\n<ul>\n<li><strong>Te\u00f3rico<\/strong>\n<ul>\n<li>Defini\u00e7\u00e3o de Caligrafia<\/li>\n<li>Diferen\u00e7as entre Escrita, Caligrafia, Tipografia, Lettering e Ilustra\u00e7\u00e3o<\/li>\n<li>Breve Hist\u00f3rico: Alfabeto Ocidental<\/li>\n<li>Materiais<\/li>\n<li>Estrutura de Pauta, Letra e Texto<\/li>\n<li>Estilos Caligr\u00e1ficos<\/li>\n<\/ul>\n<\/li>\n<li><strong>Pr\u00e1tico<\/strong>\n<ul>\n<li>Formas B\u00e1sicas<\/li>\n<li>Alfabeto Fundamental<\/li>\n<li>Experimenta\u00e7\u00e3o<\/li>\n<\/ul>\n<\/li>\n<\/ul>\n<h4>P\u00fablico<\/h4>\n<p>Profissionais, estudantes e entusiastas de artes visuais, design, tatuagem e afins.<\/p>\n<h4>Itens inclusos<\/h4>\n<ul>\n<li>Kit b\u00e1sico para caligrafia (cabo, pena caligr\u00e1fica e tinta gouache talens);<\/li>\n<li>Material de apoio;<\/li>\n<li>Coffee break;<\/li>\n<li>Certificado de participa\u00e7\u00e3o.<\/li>\n<\/ul>\n<h4>Datas e hor\u00e1rios<\/h4>\n<p>aula 1: segunda, dia 2\/maio das 19h00 \u00e0s 22h00<br \/>\naula 2: ter\u00e7a, dia 3\/maio\u00a0das 19h00\u00a0\u00e0s 22h00<br \/>\naula 3: quarta, dia 4\/maio\u00a0das 19h00\u00a0\u00e0s 22h00<br \/>\naula 4: quinta, dia 5\/maio\u00a0das 19h00\u00a0\u00e0s 22h00<\/p>\n<p><em>As inscri\u00e7\u00f5es se encerram no dia 29\u00a0de abril\u00a0\u00e0s 19h.<\/em><\/p>\n<h4>Vagas<\/h4>\n<p>10<\/p>\n<h4>Carga hor\u00e1ria<\/h4>\n<p>12 horas.<\/p>\n<h4><strong>Local<\/strong><\/h4>\n<p><a title=\"Contato\" href=\"http:\/\/www.grafatorio.com\/blog\/index.php\/contato\/\" target=\"_blank\">Grafat\u00f3rio<\/a>\u00a0\u2219 Avenida Paul Harris, 1575\u00a0\u2219 pr\u00f3ximo ao Aeroporto de Londrina<\/p>\n<h4>Valor<\/h4>\n<p><strong>R$ 350,00<\/strong><br \/>\nem at\u00e9 12\u00a0parcela\u00a0no cart\u00e3o de cr\u00e9dito (com juros)<br \/>\n<em>\u2192 R$320,00 para pagamentos \u00e0 vista em dinheiro ou cheque<\/em><\/p>\n<h4>D\u00favidas?<\/h4>\n<p>Envie uma mensagem para <strong>diogo@grafatorio.com<\/strong><\/p>\n","protected":false},"excerpt":{"rendered":"<p><strong>R$ 350,00<\/strong><br \/>\nem at\u00e9 12\u00a0parcela\u00a0no cart\u00e3o de cr\u00e9dito (com juros)<br \/>\n<em>\u2192 R$320,00 para pagamentos \u00e0 vista em dinheiro ou cheque<\/em><\/p>\n<h4>Ministrante<\/h4>\n<p><strong>Diogo Blanco <\/strong><\/p>\n<h4>Descri\u00e7\u00e3o<\/h4>\n<p>O curso de <strong>Caligrafia para iniciantes<\/strong> tem como objetivo o aprendizado do alfabeto fundamental de pena quadrada bem como a introdu\u00e7\u00e3o te\u00f3rica e pr\u00e1tica ao universo da arte da caligrafia.<\/p>\n<p><a href=\"#detalhes\">\u2192\u00a0Clique aqui para mais detalhes<\/a><\/p>\n<h4>Datas e hor\u00e1rios<\/h4>\n<p>aula 1: segunda, dia 2\/maio das 19h00 \u00e0s 22h00<br \/>\naula 2: ter\u00e7a, dia 3\/maio\u00a0das 19h00\u00a0\u00e0s 22h00<br \/>\naula 3: quarta, dia 4\/maio\u00a0das 19h00\u00a0\u00e0s 22h00<br \/>\naula 4: quinta, dia 5\/maio\u00a0das 19h00\u00a0\u00e0s 22h00<\/p>\n<p><em>As inscri\u00e7\u00f5es se encerram no dia 29\u00a0de abril\u00a0\u00e0s 19h.<\/em><\/p>\n<h4>Vagas<\/h4>\n<p>10<\/p>\n<h4>Local<\/h4>\n<p><a title=\"Contato\" href=\"http:\/\/www.grafatorio.com\/blog\/index.php\/contato\/\" target=\"_blank\">Grafat\u00f3rio<\/a>\u00a0\u2219 Avenida Paul Harris, 1575\u00a0\u2219 pr\u00f3ximo ao Aeroporto de Londrina<\/p>\n<h4>D\u00favidas?<\/h4>\n<p>Envie uma mensagem para\u00a0<strong>diogo@grafatorio.com<\/strong><\/p>\n","protected":false},"featured_media":2023,"template":"","meta":[],"product_brand":[],"product_cat":[22],"product_tag":[],"class_list":{"0":"post-1756","1":"product","2":"type-product","3":"status-publish","4":"has-post-thumbnail","6":"product_cat-atividades","8":"first","9":"outofstock","10":"virtual","11":"sold-individually","12":"purchasable","13":"product-type-simple"},"_links":{"self":[{"href":"https:\/\/grafatorio.com\/site\/wp-json\/wp\/v2\/product\/1756","targetHints":{"allow":["GET"]}}],"collection":[{"href":"https:\/\/grafatorio.com\/site\/wp-json\/wp\/v2\/product"}],"about":[{"href":"https:\/\/grafatorio.com\/site\/wp-json\/wp\/v2\/types\/product"}],"wp:featuredmedia":[{"embeddable":true,"href":"https:\/\/grafatorio.com\/site\/wp-json\/wp\/v2\/media\/2023"}],"wp:attachment":[{"href":"https:\/\/grafatorio.com\/site\/wp-json\/wp\/v2\/media?parent=1756"}],"wp:term":[{"taxonomy":"product_brand","embeddable":true,"href":"https:\/\/grafatorio.com\/site\/wp-json\/wp\/v2\/product_brand?post=1756"},{"taxonomy":"product_cat","embeddable":true,"href":"https:\/\/grafatorio.com\/site\/wp-json\/wp\/v2\/product_cat?post=1756"},{"taxonomy":"product_tag","embeddable":true,"href":"https:\/\/grafatorio.com\/site\/wp-json\/wp\/v2\/product_tag?post=1756"}],"curies":[{"name":"wp","href":"https:\/\/api.w.org\/{rel}","templated":true}]}}

<p><a name="detalhes"></a></p>
<h4>Ministrante</h4>
<p><strong>Diogo Blanco</strong> formou-se em Design Gráfico na UEL (Universidade Estadual de Londrina/PR) no ano de 2005. Pratica caligrafia desde 2008. É co-fundador e diretor da associação cultural Grafatório.</p>
<address><a href="http://cargocollective.com/diogoblanco" target="_blank">diogoblanco.com</a><br />
<a href="http://www.instagram.com/dxblanco" target="_blank">instagram.com/dxblanco</a></address>
<address><a href="http://www.facebook.com/dblanco83" target="_blank">facebook.com/dblanco83</a></address>
<p>&nbsp;</p>
<h4>Descrição</h4>
<p>O curso de <strong>Caligrafia para iniciantes</strong> tem como objetivo o aprendizado do alfabeto fundamental de pena quadrada bem como a introdução teórica e prática ao universo da arte da caligrafia.</p>
<h4>Conteúdo</h4>
<ul>
<li><strong>Teórico</strong>
<ul>
<li>Definição de Caligrafia</li>
<li>Diferenças entre Escrita, Caligrafia, Tipografia, Lettering e Ilustração</li>
<li>Breve Histórico: Alfabeto Ocidental</li>
<li>Materiais</li>
<li>Estrutura de Pauta, Letra e Texto</li>
<li>Estilos Caligráficos</li>
</ul>
</li>
<li><strong>Prático</strong>
<ul>
<li>Formas Básicas</li>
<li>Alfabeto Fundamental</li>
<li>Experimentação</li>
</ul>
</li>
</ul>
<h4>Público</h4>
<p>Profissionais, estudantes e entusiastas de artes visuais, design, tatuagem e afins.</p>
<h4>Itens inclusos</h4>
<ul>
<li>Kit básico para caligrafia (cabo, pena caligráfica e tinta gouache talens);</li>
<li>Material de apoio;</li>
<li>Coffee break;</li>
<li>Certificado de participação.</li>
</ul>
<h4>Datas e horários</h4>
<p>aula 1: segunda, dia 2/maio das 19h00 às 22h00<br />
aula 2: terça, dia 3/maio das 19h00 às 22h00<br />
aula 3: quarta, dia 4/maio das 19h00 às 22h00<br />
aula 4: quinta, dia 5/maio das 19h00 às 22h00</p>
<p><em>As inscrições se encerram no dia 29 de abril às 19h.</em></p>
<h4>Vagas</h4>
<p>10</p>
<h4>Carga horária</h4>
<p>12 horas.</p>
<h4><strong>Local</strong></h4>
<p><a title="Contato" href="http://www.grafatorio.com/blog/index.php/contato/" target="_blank">Grafatório</a> ∙ Avenida Paul Harris, 1575 ∙ próximo ao Aeroporto de Londrina</p>
<h4>Valor</h4>
<p><strong>R$ 350,00</strong><br />
em até 12 parcela no cartão de crédito (com juros)<br />
<em>→ R$320,00 para pagamentos à vista em dinheiro ou cheque</em></p>
<h4>Dúvidas?</h4>
<p>Envie uma mensagem para <strong>diogo@grafatorio.com</strong></p>

<p><strong>R$ 350,00</strong><br />
em até 12 parcela no cartão de crédito (com juros)<br />
<em>→ R$320,00 para pagamentos à vista em dinheiro ou cheque</em></p>
<h4>Ministrante</h4>
<p><strong>Diogo Blanco </strong></p>
<h4>Descrição</h4>
<p>O curso de <strong>Caligrafia para iniciantes</strong> tem como objetivo o aprendizado do alfabeto fundamental de pena quadrada bem como a introdução teórica e prática ao universo da arte da caligrafia.</p>
<p><a href="#detalhes">→ Clique aqui para mais detalhes</a></p>
<h4>Datas e horários</h4>
<p>aula 1: segunda, dia 2/maio das 19h00 às 22h00<br />
aula 2: terça, dia 3/maio das 19h00 às 22h00<br />
aula 3: quarta, dia 4/maio das 19h00 às 22h00<br />
aula 4: quinta, dia 5/maio das 19h00 às 22h00</p>
<p><em>As inscrições se encerram no dia 29 de abril às 19h.</em></p>
<h4>Vagas</h4>
<p>10</p>
<h4>Local</h4>
<p><a title="Contato" href="http://www.grafatorio.com/blog/index.php/contato/" target="_blank">Grafatório</a> ∙ Avenida Paul Harris, 1575 ∙ próximo ao Aeroporto de Londrina</p>
<h4>Dúvidas?</h4>
<p>Envie uma mensagem para <strong>diogo@grafatorio.com</strong></p>
