{"id":1553,"date":"2014-09-18T16:57:34","date_gmt":"2014-09-18T16:57:34","guid":{"rendered":"http:\/\/www.grafatorio.com\/blog\/index.php\/produto\/experimentacao-em-aquarela\/"},"modified":"2014-09-18T16:57:34","modified_gmt":"2014-09-18T16:57:34","slug":"experimentacao-em-aquarela-2","status":"publish","type":"product","link":"https:\/\/grafatorio.com\/site\/produto\/experimentacao-em-aquarela-2\/","title":{"rendered":"Experimenta\u00e7\u00e3o em Aquarela"},"content":{"rendered":"<p><a name=\"detalhes\"><\/a><\/p>\n<h4>Ministrante<\/h4>\n<p><strong>Isadora Reim\u00e3o<\/strong>\u00a0\u00e9\u00a0artista pl\u00e1stica e ilustradora.\u00a0Formou-se em Design Gr\u00e1fico pela Universidade Estadual\u00a0de Londrina. Elegeu a aquarela como meio principal\u00a0de express\u00e3o h\u00e1 mais de 10 anos. Desde ent\u00e3o\u00a0teve seus trabalhos publicados no Brasil (Revista Zupi,\u00a0Ideafixa, livros independentes) e no exterior (livro\u00a0Water Color, editora Chronicle Books, com mestres da\u00a0aquarela de diversos pa\u00edses). Em 2013 teve obras selecionadas para as Bienais de Roma e Floren\u00e7a e exp\u00f4s seus trabalhos em Portugal. Em 2014 exp\u00f4s trabalhos nos EUA.<\/p>\n<p><a title=\"Isadora Reim\u00e3o\" href=\"http:\/\/www.isadorareimao.com\" target=\"_blank\">isadorareimao.com<\/a><\/p>\n<h4>Descri\u00e7\u00e3o<\/h4>\n<p>A oficina <strong>Experimenta\u00e7\u00e3o em Aquarela<\/strong> destina-se a introduzir a t\u00e9cnica por meio de exerc\u00edcios que exploram as v\u00e1rias faces dessa tinta t\u00e3o vers\u00e1til. Ser\u00e3o apresentadas maneiras para se tirar proveito da imprevisibilidade da aquarela, explorando as manchas que se formam aleatoriamente e tamb\u00e9m como estar no controle dessa tinta, conseguindo obter tra\u00e7os definidos e realistas.<\/p>\n[vimeo clip_id=107945643 ]\n<h4>Conte\u00fado<\/h4>\n<ul>\n<li>Apresenta\u00e7\u00e3o do material;<\/li>\n<li>Experi\u00eancias com manchas;<\/li>\n<li>Aplica\u00e7\u00e3o de\u00a0efeitos\u00a0em composi\u00e7\u00e3o abstrata e figurativa;<\/li>\n<li>Explora\u00e7\u00e3o da transpar\u00eancia, que \u00e9 uma das principais caracter\u00edsticas da aquarela;<\/li>\n<li>T\u00e9cnicas secas: as formas sob controle e o uso da caneta bico de pena;<\/li>\n<li>Reflex\u00e3o sobre os resultados alcan\u00e7ados.<\/li>\n<\/ul>\n<h4>P\u00fablico<\/h4>\n<p>A partir de 14 anos.<\/p>\n<h4>Itens inclusos<\/h4>\n<ul>\n<li>Pinc\u00e9is, tintas, pap\u00e9is, etc;<\/li>\n<li>Coffee break;<\/li>\n<li>Certificado de participa\u00e7\u00e3o.<\/li>\n<\/ul>\n<p>*O aluno ter\u00e1 dispon\u00edvel todo o material necess\u00e1rio\u00a0para a realiza\u00e7\u00e3o dos exerc\u00edcios, por\u00e9m poder\u00e1 levar\u00a0para casa apenas os desenhos que produzir.<\/p>\n<h4>Datas e hor\u00e1rios<\/h4>\n<p>Dias\u00a0<strong>14, 15, 16 e 17 de\u00a0outubro<\/strong> das 14h \u00e0s 18h.<br \/>\n<em><em>As inscri\u00e7\u00f5es para esta atividade se encerram no dia 10 de outubro \u00e0s 19h.<\/em><\/em><\/p>\n<h4>Vagas<\/h4>\n<p>10<\/p>\n<h4>Carga hor\u00e1ria<\/h4>\n<p>16 horas.<\/p>\n<h4><strong>Local<\/strong><\/h4>\n<p><a title=\"Contato\" href=\"http:\/\/www.grafatorio.com\/blog\/index.php\/contato\/\" target=\"_blank\">Grafat\u00f3rio<\/a>\u00a0\u2219 Avenida Paul Harris, 1575\u00a0\u2219 pr\u00f3ximo ao Aeroporto de Londrina<\/p>\n<h4>Valor<\/h4>\n<p><strong>R$ 280,00<\/strong><br \/>\nem at\u00e9 12 parcelas no cart\u00e3o de cr\u00e9dito (com juros)<br \/>\n<em>\u2192 R$260,00 para pagamentos \u00e0 vista em dinheiro ou cheque.<\/em><\/p>\n<h4>D\u00favidas?<\/h4>\n<p>Envie uma mensagem para <strong>contato@grafatorio.com<\/strong><\/p>\n","protected":false},"excerpt":{"rendered":"<p>em at\u00e9 12 parcelas no cart\u00e3o de cr\u00e9dito (com juros)<br \/>\n<em>\u2192 R$260,00 para pagamentos \u00e0 vista em dinheiro ou cheque<\/em><\/p>\n<h4>Ministrante<\/h4>\n<p><strong>Isadora Reim\u00e3o\u00a0<\/strong><\/p>\n<h4>Descri\u00e7\u00e3o<\/h4>\n<p>A oficina <strong>Experimenta\u00e7\u00e3o em Aquarela<\/strong> destina-se a introduzir a t\u00e9cnica por meio de exerc\u00edcios que exploram as v\u00e1rias faces dessa tinta t\u00e3o vers\u00e1til. Ser\u00e3o apresentadas maneiras para se tirar proveito da imprevisibilidade da aquarela, explorando as manchas que se formam aleatoriamente e tamb\u00e9m como estar no controle dessa tinta, conseguindo obter tra\u00e7os definidos e realistas.<\/p>\n<p><a href=\"#detalhes\">\u2192\u00a0Clique aqui para mais detalhes<\/a><\/p>\n<h4>Datas e hor\u00e1rios<\/h4>\n<p>Dias\u00a0<strong>14, 15, 16 e 17 de\u00a0outubro<\/strong> das 14h \u00e0s 18h.<br \/>\n<em><em>As inscri\u00e7\u00f5es para esta atividade se encerram no dia 10 de outubro \u00e0s 19h.<\/em><\/em><\/p>\n<h4>Vagas<\/h4>\n<p>10<\/p>\n<h4>Local<\/h4>\n<p><a title=\"Contato\" href=\"http:\/\/www.grafatorio.com\/blog\/index.php\/contato\/\" target=\"_blank\">Grafat\u00f3rio<\/a>\u00a0\u2219 Avenida Paul Harris, 1575\u00a0\u2219 pr\u00f3ximo ao Aeroporto de Londrina<\/p>\n<h4>D\u00favidas?<\/h4>\n<p>Envie uma mensagem para <strong>contato@grafatorio.com<\/strong><\/p>\n","protected":false},"featured_media":1572,"template":"","meta":[],"product_brand":[],"product_cat":[22],"product_tag":[],"class_list":{"0":"post-1553","1":"product","2":"type-product","3":"status-publish","4":"has-post-thumbnail","6":"product_cat-atividades","8":"first","9":"instock","10":"virtual","11":"sold-individually","12":"purchasable","13":"product-type-simple"},"_links":{"self":[{"href":"https:\/\/grafatorio.com\/site\/wp-json\/wp\/v2\/product\/1553","targetHints":{"allow":["GET"]}}],"collection":[{"href":"https:\/\/grafatorio.com\/site\/wp-json\/wp\/v2\/product"}],"about":[{"href":"https:\/\/grafatorio.com\/site\/wp-json\/wp\/v2\/types\/product"}],"wp:featuredmedia":[{"embeddable":true,"href":"https:\/\/grafatorio.com\/site\/wp-json\/wp\/v2\/media\/1572"}],"wp:attachment":[{"href":"https:\/\/grafatorio.com\/site\/wp-json\/wp\/v2\/media?parent=1553"}],"wp:term":[{"taxonomy":"product_brand","embeddable":true,"href":"https:\/\/grafatorio.com\/site\/wp-json\/wp\/v2\/product_brand?post=1553"},{"taxonomy":"product_cat","embeddable":true,"href":"https:\/\/grafatorio.com\/site\/wp-json\/wp\/v2\/product_cat?post=1553"},{"taxonomy":"product_tag","embeddable":true,"href":"https:\/\/grafatorio.com\/site\/wp-json\/wp\/v2\/product_tag?post=1553"}],"curies":[{"name":"wp","href":"https:\/\/api.w.org\/{rel}","templated":true}]}}