{"id":429,"date":"2018-07-12T14:36:03","date_gmt":"2018-07-12T17:36:03","guid":{"rendered":"http:\/\/grafatorio.com\/site\/?page_id=429"},"modified":"2018-07-12T14:37:00","modified_gmt":"2018-07-12T17:37:00","slug":"oficinas","status":"publish","type":"page","link":"https:\/\/grafatorio.com\/site\/oficinas\/","title":{"rendered":"Oficinas"},"content":{"rendered":"<div class=\"woocommerce columns-3 \"><ul class=\"products columns-3\">\n<li class=\"product type-product post-5492 status-publish first instock product_cat-atividades has-post-thumbnail virtual product-type-simple\">\n\t<a href=\"https:\/\/grafatorio.com\/site\/produto\/assimetrias-maquinarias\/\" class=\"woocommerce-LoopProduct-link woocommerce-loop-product__link\"><img loading=\"lazy\" decoding=\"async\" width=\"324\" height=\"486\" src=\"https:\/\/grafatorio.com\/site\/wp-content\/uploads\/2026\/03\/grafarasgo-grafa@naticastro2-146-324x486.jpg\" class=\"attachment-woocommerce_thumbnail size-woocommerce_thumbnail\" alt=\"Exposi\u00e7\u00e3o ASSIMETRIAS-MAQUINARIAS\" srcset=\"https:\/\/grafatorio.com\/site\/wp-content\/uploads\/2026\/03\/grafarasgo-grafa@naticastro2-146-324x486.jpg 324w, https:\/\/grafatorio.com\/site\/wp-content\/uploads\/2026\/03\/grafarasgo-grafa@naticastro2-146-200x300.jpg 200w, https:\/\/grafatorio.com\/site\/wp-content\/uploads\/2026\/03\/grafarasgo-grafa@naticastro2-146-768x1152.jpg 768w, https:\/\/grafatorio.com\/site\/wp-content\/uploads\/2026\/03\/grafarasgo-grafa@naticastro2-146-683x1024.jpg 683w, https:\/\/grafatorio.com\/site\/wp-content\/uploads\/2026\/03\/grafarasgo-grafa@naticastro2-146-1024x1536.jpg 1024w, https:\/\/grafatorio.com\/site\/wp-content\/uploads\/2026\/03\/grafarasgo-grafa@naticastro2-146-1365x2048.jpg 1365w, https:\/\/grafatorio.com\/site\/wp-content\/uploads\/2026\/03\/grafarasgo-grafa@naticastro2-146-416x624.jpg 416w, https:\/\/grafatorio.com\/site\/wp-content\/uploads\/2026\/03\/grafarasgo-grafa@naticastro2-146-scaled.jpg 1707w\" sizes=\"auto, (max-width: 324px) 100vw, 324px\" \/><h2 class=\"woocommerce-loop-product__title\">Exposi\u00e7\u00e3o ASSIMETRIAS-MAQUINARIAS<\/h2>\n<\/a><a href=\"https:\/\/grafatorio.com\/site\/produto\/assimetrias-maquinarias\/\" aria-describedby=\"woocommerce_loop_add_to_cart_link_describedby_5492\" data-quantity=\"1\" class=\"button product_type_simple\" data-product_id=\"5492\" data-product_sku=\"\" aria-label=\"Leia mais sobre &ldquo;Exposi\u00e7\u00e3o ASSIMETRIAS-MAQUINARIAS&rdquo;\" rel=\"nofollow\" data-success_message=\"\">Leia mais<\/a>\t<span id=\"woocommerce_loop_add_to_cart_link_describedby_5492\" class=\"screen-reader-text\">\n\t\t\t<\/span>\n<\/li>\n<li class=\"product type-product post-5354 status-publish outofstock product_cat-atividades has-post-thumbnail virtual sold-individually purchasable product-type-simple\">\n\t<a href=\"https:\/\/grafatorio.com\/site\/produto\/oficina-encadernacao-abr25\/\" class=\"woocommerce-LoopProduct-link woocommerce-loop-product__link\">\n\t<span class=\"wcsob_soldout\">E D I \u00c7 \u00c3 O&nbsp;&nbsp;&nbsp;E S G O T A D A<\/span>\n\t<img loading=\"lazy\" decoding=\"async\" width=\"324\" height=\"405\" src=\"https:\/\/grafatorio.com\/site\/wp-content\/uploads\/2025\/04\/04-15_OficinaEncadernacaoABR25-A-01-324x405.jpg\" class=\"attachment-woocommerce_thumbnail size-woocommerce_thumbnail\" alt=\"Oficina Encaderna\u00e7\u00e3o: capa dura com tecido, &lt;\/br&gt;com Let\u00edcia Albanez\" srcset=\"https:\/\/grafatorio.com\/site\/wp-content\/uploads\/2025\/04\/04-15_OficinaEncadernacaoABR25-A-01-324x405.jpg 324w, https:\/\/grafatorio.com\/site\/wp-content\/uploads\/2025\/04\/04-15_OficinaEncadernacaoABR25-A-01-240x300.jpg 240w, https:\/\/grafatorio.com\/site\/wp-content\/uploads\/2025\/04\/04-15_OficinaEncadernacaoABR25-A-01-768x960.jpg 768w, https:\/\/grafatorio.com\/site\/wp-content\/uploads\/2025\/04\/04-15_OficinaEncadernacaoABR25-A-01-819x1024.jpg 819w, https:\/\/grafatorio.com\/site\/wp-content\/uploads\/2025\/04\/04-15_OficinaEncadernacaoABR25-A-01-416x520.jpg 416w, https:\/\/grafatorio.com\/site\/wp-content\/uploads\/2025\/04\/04-15_OficinaEncadernacaoABR25-A-01.jpg 1080w\" sizes=\"auto, (max-width: 324px) 100vw, 324px\" \/><h2 class=\"woocommerce-loop-product__title\">Oficina Encaderna\u00e7\u00e3o: capa dura com tecido, <\/br>com Let\u00edcia Albanez<\/h2>\n\t<span class=\"price\"><span class=\"woocommerce-Price-amount amount\"><bdi><span class=\"woocommerce-Price-currencySymbol\">&#82;&#36;<\/span>90,00<\/bdi><\/span><\/span>\n<\/a><a href=\"https:\/\/grafatorio.com\/site\/produto\/oficina-encadernacao-abr25\/\" aria-describedby=\"woocommerce_loop_add_to_cart_link_describedby_5354\" data-quantity=\"1\" class=\"button product_type_simple\" data-product_id=\"5354\" data-product_sku=\"OFC-Encadernacao-ABR25\" aria-label=\"Leia mais sobre &ldquo;Oficina Encaderna\u00e7\u00e3o: capa dura com tecido, com Let\u00edcia Albanez&rdquo;\" rel=\"nofollow\" data-success_message=\"\">Leia mais<\/a>\t<span id=\"woocommerce_loop_add_to_cart_link_describedby_5354\" class=\"screen-reader-text\">\n\t\t\t<\/span>\n<\/li>\n<li class=\"product type-product post-5285 status-publish last outofstock product_cat-atividades has-post-thumbnail featured virtual sold-individually purchasable product-type-simple\">\n\t<a href=\"https:\/\/grafatorio.com\/site\/produto\/oficina-memoria-em-papel-mar25\/\" class=\"woocommerce-LoopProduct-link woocommerce-loop-product__link\">\n\t<span class=\"wcsob_soldout\">E D I \u00c7 \u00c3 O&nbsp;&nbsp;&nbsp;E S G O T A D A<\/span>\n\t<img loading=\"lazy\" decoding=\"async\" width=\"324\" height=\"405\" src=\"https:\/\/grafatorio.com\/site\/wp-content\/uploads\/2025\/02\/02-27_MemoriaEmPapel_Feed-A-1-324x405.png\" class=\"attachment-woocommerce_thumbnail size-woocommerce_thumbnail\" alt=\"Oficina Mem\u00f3ria em Papel, &lt;\/br&gt;com Lis Ayrosa\" srcset=\"https:\/\/grafatorio.com\/site\/wp-content\/uploads\/2025\/02\/02-27_MemoriaEmPapel_Feed-A-1-324x405.png 324w, https:\/\/grafatorio.com\/site\/wp-content\/uploads\/2025\/02\/02-27_MemoriaEmPapel_Feed-A-1-240x300.png 240w, https:\/\/grafatorio.com\/site\/wp-content\/uploads\/2025\/02\/02-27_MemoriaEmPapel_Feed-A-1-768x960.png 768w, https:\/\/grafatorio.com\/site\/wp-content\/uploads\/2025\/02\/02-27_MemoriaEmPapel_Feed-A-1-819x1024.png 819w, https:\/\/grafatorio.com\/site\/wp-content\/uploads\/2025\/02\/02-27_MemoriaEmPapel_Feed-A-1-416x520.png 416w, https:\/\/grafatorio.com\/site\/wp-content\/uploads\/2025\/02\/02-27_MemoriaEmPapel_Feed-A-1.png 1080w\" sizes=\"auto, (max-width: 324px) 100vw, 324px\" \/><h2 class=\"woocommerce-loop-product__title\">Oficina Mem\u00f3ria em Papel, <\/br>com Lis Ayrosa<\/h2>\n\t<span class=\"price\"><span class=\"woocommerce-Price-amount amount\"><bdi><span class=\"woocommerce-Price-currencySymbol\">&#82;&#36;<\/span>70,00<\/bdi><\/span><\/span>\n<\/a><a href=\"https:\/\/grafatorio.com\/site\/produto\/oficina-memoria-em-papel-mar25\/\" aria-describedby=\"woocommerce_loop_add_to_cart_link_describedby_5285\" data-quantity=\"1\" class=\"button product_type_simple\" data-product_id=\"5285\" data-product_sku=\"OFC-MemoriaEmPapel-MAR25\" aria-label=\"Leia mais sobre &ldquo;Oficina Mem\u00f3ria em Papel, com Lis Ayrosa&rdquo;\" rel=\"nofollow\" data-success_message=\"\">Leia mais<\/a>\t<span id=\"woocommerce_loop_add_to_cart_link_describedby_5285\" class=\"screen-reader-text\">\n\t\t\t<\/span>\n<\/li>\n<\/ul>\n<\/div>\n","protected":false},"excerpt":{"rendered":"","protected":false},"author":1,"featured_media":0,"parent":0,"menu_order":0,"comment_status":"closed","ping_status":"closed","template":"","meta":{"footnotes":""},"class_list":["post-429","page","type-page","status-publish","hentry"],"_links":{"self":[{"href":"https:\/\/grafatorio.com\/site\/wp-json\/wp\/v2\/pages\/429","targetHints":{"allow":["GET"]}}],"collection":[{"href":"https:\/\/grafatorio.com\/site\/wp-json\/wp\/v2\/pages"}],"about":[{"href":"https:\/\/grafatorio.com\/site\/wp-json\/wp\/v2\/types\/page"}],"author":[{"embeddable":true,"href":"https:\/\/grafatorio.com\/site\/wp-json\/wp\/v2\/users\/1"}],"replies":[{"embeddable":true,"href":"https:\/\/grafatorio.com\/site\/wp-json\/wp\/v2\/comments?post=429"}],"version-history":[{"count":2,"href":"https:\/\/grafatorio.com\/site\/wp-json\/wp\/v2\/pages\/429\/revisions"}],"predecessor-version":[{"id":432,"href":"https:\/\/grafatorio.com\/site\/wp-json\/wp\/v2\/pages\/429\/revisions\/432"}],"wp:attachment":[{"href":"https:\/\/grafatorio.com\/site\/wp-json\/wp\/v2\/media?parent=429"}],"curies":[{"name":"wp","href":"https:\/\/api.w.org\/{rel}","templated":true}]}}