{"id":1055,"date":"2013-08-01T20:23:24","date_gmt":"2013-08-01T20:23:24","guid":{"rendered":"http:\/\/www.grafatorio.com\/blog\/?page_id=1055"},"modified":"2013-08-01T20:23:24","modified_gmt":"2013-08-01T20:23:24","slug":"campoexpandido","status":"publish","type":"page","link":"https:\/\/grafatorio.com\/site\/campoexpandido\/","title":{"rendered":"Campo expandido"},"content":{"rendered":"<p><img loading=\"lazy\" decoding=\"async\" class=\"alignnone size-full wp-image-1089\" src=\"http:\/\/grafatorio.com\/site\/wp-content\/uploads\/2013\/08\/campoexpandido_topo011.png\" alt=\"Campo Expandido\" width=\"823\" height=\"222\" srcset=\"https:\/\/grafatorio.com\/site\/wp-content\/uploads\/2013\/08\/campoexpandido_topo011.png 823w, https:\/\/grafatorio.com\/site\/wp-content\/uploads\/2013\/08\/campoexpandido_topo011-300x81.png 300w, https:\/\/grafatorio.com\/site\/wp-content\/uploads\/2013\/08\/campoexpandido_topo011-768x207.png 768w, https:\/\/grafatorio.com\/site\/wp-content\/uploads\/2013\/08\/campoexpandido_topo011-324x87.png 324w, https:\/\/grafatorio.com\/site\/wp-content\/uploads\/2013\/08\/campoexpandido_topo011-416x112.png 416w\" sizes=\"auto, (max-width: 823px) 100vw, 823px\" \/><br \/>\nA oficina <strong>CAMPO EXPANDIDO_fotografia e seus tent\u00e1culos<\/strong> prop\u00f5e uma produ\u00e7\u00e3o pr\u00e1tica e uma reflex\u00e3o te\u00f3rica sobre a linguagem fotogr\u00e1fica, sua interfaces e hibrida\u00e7\u00f5es. A oficina abordar\u00e1 propostas tem\u00e1ticas dentro do campo da imagem, al\u00e9m das diferen\u00e7as de conceitos que tangenciam os limites po\u00e9ticos entre a documenta\u00e7\u00e3o fotogr\u00e1fica e o ensaio fotogr\u00e1fico autoral. Al\u00e9m desta abordagem, a oficina visa estimular a leitura est\u00e9tica das imagens utilizando os elementos sint\u00e1ticos e sem\u00e2nticos da linguagem visual. \u00c9 voltada a iniciados e estudantes no campo de artes visuais, arquitetura, audiovisual, cinema, comunica\u00e7\u00e3o e design. Busca-se um p\u00fablico cuja voca\u00e7\u00e3o em rela\u00e7\u00e3o \u00e0 fotografia contenha a inquieta\u00e7\u00e3o cr\u00edtico-cient\u00edfica e o desenvolvimento de processo criativo. Desse p\u00fablico de alunos, espera-se desenvoltura na aprendizagem e experimenta\u00e7\u00e3o, pois sua rela\u00e7\u00e3o com os conte\u00fados n\u00e3o ser\u00e1 contemplativa, e sim criativa: vamos pensar produzindo e vice-versa.<\/p>\n<h4>Ministrante<\/h4>\n<p><strong>Rogerio Ghomes<\/strong> \u00e9 doutorando no Programa TIDD \u2013 Tecnologias da Intelig\u00eancia e Design Digital, da PUC-SP. Possui mestrado em Design pela Universidade Estadual Paulista J\u00falio de Mesquita Filho (2009), especializa\u00e7\u00e3o em Fotografia pela Universidade Estadual de Londrina (1998) e gradua\u00e7\u00e3o em Desenho Industrial pela Pontif\u00edcia Universidade Cat\u00f3lica do Paran\u00e1 (1988). Atualmente \u00e9 docente do departamento de Design da UEL e coordenador da p\u00f3s-gradua\u00e7\u00e3o latu-senso nos cursos de Fotografia &amp; V\u00eddeo e em Dire\u00e7\u00e3o de Arte da Universidade Norte do Paran\u00e1. Na mesma institui\u00e7\u00e3o \u00e9 docente do curso de Artes Visuais \u2013 Multim\u00eddia. Pesquisador nas \u00e1reas de Artes Visuais, Comunica\u00e7\u00e3o Visual e Design Gr\u00e1fico. Possui obras nas cole\u00e7\u00f5es: MAM \u2013 Museu de Arte Moderna de S\u00e3o Paulo, Cole\u00e7\u00e3o Pirelli-MASP, MAC Museu de Arte Contempor\u00e2nea do Paran\u00e1. Participa de exposi\u00e7\u00f5es nacionais e internacionais como Panorama da Arte Brasileira MAM SP (1997), VI Bienal de Havana (1997), II e III Bienal Internacional de Fotografia de Curitiba (1998 \u2013 2000), Foto Arte \u2013 FUNARTE (2007), Encuentros Abiertos \u2013 Buenos Aires (2008), ARCO \u2013 Madrid (2010_2011_2013).<\/p>\n<h4>Objetivos<\/h4>\n<ul>\n<li>Conhecer o percurso hist\u00f3rico da fotografia autoral brasileira;<\/li>\n<li>Identificar a tr\u00edade Pierciana na produ\u00e7\u00e3o fotogr\u00e1fica;<\/li>\n<li>Conceber e desenvolver um ensaio fotogr\u00e1fico autoral;<\/li>\n<li>Estabelecer os conceitos de Ensaio fotogr\u00e1fico;<\/li>\n<li>Caracterizar as diferentes abordagens entre ensaio fotogr\u00e1fico documental e ensaio fotogr\u00e1fico autoral;<\/li>\n<li>Apresentar as diferentes tem\u00e1ticas para realiza\u00e7\u00e3o de ensaios fotogr\u00e1ficos;<\/li>\n<li>Realizar a edi\u00e7\u00e3o fotogr\u00e1fica de um ensaio fotogr\u00e1fico;<\/li>\n<li>Realizar leitura de portf\u00f3lio dos participantes;<\/li>\n<li>Possibilitar a compreens\u00e3o dos diferentes meios de linguagem e comunica\u00e7\u00e3o por meio da fotografia;<\/li>\n<li>Proporcionar o aprendizado da leitura das mensagens visuais por meio dos elementos sint\u00e1ticos e sem\u00e2nticos da linguagem visual;<\/li>\n<\/ul>\n<h4>Carga hor\u00e1ria<\/h4>\n<p>40 horas.<\/p>\n<h4>Datas e hor\u00e1rios<\/h4>\n<p>In\u00edcio do curso no dia\u00a0<strong>9 de agosto<\/strong>. <a href=\"http:\/\/grafatorio.com\/site\/wp-content\/uploads\/2013\/08\/horario-revisado_campoexpandido.pdf\" target=\"_blank\">Para acessar o cronograma clique aqui.<\/a><a href=\"http:\/\/grafatorio.com\/site\/wp-content\/uploads\/2013\/08\/horario-revisado_campoexpandido.pdf\"><br \/>\n<\/a><\/p>\n<h4>Local<\/h4>\n<p><a title=\"Contato\" href=\"http:\/\/www.grafatorio.com\/blog\/index.php\/contato\/\" target=\"_blank\">Grafat\u00f3rio<\/a>\u00a0\u2219 Avenida Paul Harris, 1575\u00a0\u2219 pr\u00f3ximo ao Aeroporto de Londrina.<\/p>\n<h4>Candidatos selecionados<\/h4>\n<ul>\n<li>Amanda Figueira<\/li>\n<li>Ana Kobylka<\/li>\n<li>Camille Daher<\/li>\n<li>Dayane Ricci<\/li>\n<li>Erika Sayuri Maessaka<\/li>\n<li>Fernando Fayet de Oliveira<\/li>\n<li>Guilherme Henrique de Oliveira Cestari<\/li>\n<li>Louisa Savignon<\/li>\n<li>Louyse Medeiros<\/li>\n<li>Lucas Reis e Silva<\/li>\n<li>Ma\u00edra Palmieri<\/li>\n<li>Marcela Ferreira Novaes<\/li>\n<li>Maria Janaina Piedade Souza<\/li>\n<li>Mariana Ferreira Lopes<\/li>\n<li>Ol\u00edvio Campaner<\/li>\n<li>Polyanna Araujo<\/li>\n<li>Raquel de Medeiros Deliberador<\/li>\n<li>Ricardo Milhorini<\/li>\n<li>Rodrigo Arabori<\/li>\n<li>Vinicius Escano Correia<\/li>\n<\/ul>\n<p>&nbsp;<\/p>\n<h4>Patroc\u00ednio<\/h4>\n<p><img loading=\"lazy\" decoding=\"async\" class=\"alignnone size-full wp-image-1074\" src=\"http:\/\/grafatorio.com\/site\/wp-content\/uploads\/2013\/08\/patrocinio01.jpg\" alt=\"Patroc\u00ednio\" width=\"647\" height=\"70\" srcset=\"https:\/\/grafatorio.com\/site\/wp-content\/uploads\/2013\/08\/patrocinio01.jpg 647w, https:\/\/grafatorio.com\/site\/wp-content\/uploads\/2013\/08\/patrocinio01-300x32.jpg 300w, https:\/\/grafatorio.com\/site\/wp-content\/uploads\/2013\/08\/patrocinio01-324x35.jpg 324w, https:\/\/grafatorio.com\/site\/wp-content\/uploads\/2013\/08\/patrocinio01-416x45.jpg 416w\" sizes=\"auto, (max-width: 647px) 100vw, 647px\" \/><\/p>\n<h4>Apoio<\/h4>\n<p><img loading=\"lazy\" decoding=\"async\" class=\"alignnone size-full wp-image-1078\" src=\"http:\/\/grafatorio.com\/site\/wp-content\/uploads\/2013\/08\/apoio011.jpg\" alt=\"apoio01\" width=\"124\" height=\"54\" \/><\/p>\n<p>&nbsp;<\/p>\n<p>&nbsp;<\/p>\n<p>&nbsp;<\/p>\n<p>&nbsp;<\/p>\n<p><object id=\"787bb818-b8a9-ba8c-29fa-78be8a84948a\" width=\"0\" height=\"0\" type=\"application\/gas-events-abn\"><\/object><\/p>\n","protected":false},"excerpt":{"rendered":"<p>A oficina CAMPO EXPANDIDO_fotografia e seus tent\u00e1culos prop\u00f5e uma produ\u00e7\u00e3o pr\u00e1tica e uma reflex\u00e3o te\u00f3rica sobre a linguagem fotogr\u00e1fica, sua interfaces e hibrida\u00e7\u00f5es. A oficina abordar\u00e1 propostas tem\u00e1ticas dentro do campo da imagem, al\u00e9m das diferen\u00e7as de conceitos que tangenciam os limites po\u00e9ticos entre a documenta\u00e7\u00e3o fotogr\u00e1fica e o ensaio fotogr\u00e1fico autoral. Al\u00e9m desta abordagem, [&hellip;]<\/p>\n","protected":false},"author":1,"featured_media":0,"parent":0,"menu_order":0,"comment_status":"closed","ping_status":"closed","template":"","meta":{"footnotes":""},"class_list":["post-1055","page","type-page","status-publish","hentry"],"_links":{"self":[{"href":"https:\/\/grafatorio.com\/site\/wp-json\/wp\/v2\/pages\/1055","targetHints":{"allow":["GET"]}}],"collection":[{"href":"https:\/\/grafatorio.com\/site\/wp-json\/wp\/v2\/pages"}],"about":[{"href":"https:\/\/grafatorio.com\/site\/wp-json\/wp\/v2\/types\/page"}],"author":[{"embeddable":true,"href":"https:\/\/grafatorio.com\/site\/wp-json\/wp\/v2\/users\/1"}],"replies":[{"embeddable":true,"href":"https:\/\/grafatorio.com\/site\/wp-json\/wp\/v2\/comments?post=1055"}],"version-history":[{"count":0,"href":"https:\/\/grafatorio.com\/site\/wp-json\/wp\/v2\/pages\/1055\/revisions"}],"wp:attachment":[{"href":"https:\/\/grafatorio.com\/site\/wp-json\/wp\/v2\/media?parent=1055"}],"curies":[{"name":"wp","href":"https:\/\/api.w.org\/{rel}","templated":true}]}}